Last updated on 2025-04-29 13:51:41 CEST.
Flavor | Version | Tinstall | Tcheck | Ttotal | Status | Flags |
---|---|---|---|---|---|---|
r-devel-linux-x86_64-debian-clang | 2.1.1 | 4.18 | 34.31 | 38.49 | NOTE | |
r-devel-linux-x86_64-debian-gcc | 2.1.1 | 3.47 | 24.29 | 27.76 | NOTE | |
r-devel-linux-x86_64-fedora-clang | 2.1.1 | 62.61 | NOTE | |||
r-devel-linux-x86_64-fedora-gcc | 2.1.1 | 58.96 | NOTE | |||
r-devel-windows-x86_64 | 2.1.1 | 7.00 | 59.00 | 66.00 | OK | |
r-patched-linux-x86_64 | 2.1.1 | 4.30 | 32.97 | 37.27 | OK | |
r-release-linux-x86_64 | 2.1.1 | 4.14 | 32.54 | 36.68 | OK | |
r-release-macos-arm64 | 2.1.1 | 23.00 | OK | |||
r-release-macos-x86_64 | 2.1.1 | 38.00 | OK | |||
r-release-windows-x86_64 | 2.1.1 | 8.00 | 63.00 | 71.00 | OK | |
r-oldrel-macos-arm64 | 2.1.1 | 21.00 | OK | |||
r-oldrel-macos-x86_64 | 2.1.1 | 32.00 | OK | |||
r-oldrel-windows-x86_64 | 2.1.1 | 7.00 | 57.00 | 64.00 | OK |
Version: 2.1.1
Check: CRAN incoming feasibility
Result: NOTE
Maintainer: ‘Shuichi Kawano <skawano@math.kyushu-u.ac.jp>’
No Authors@R field in DESCRIPTION.
Please add one, modifying
Authors@R: person(given = "Shuichi",
family = "Kawano",
role = c("aut", "cre"),
email = "skawano@math.kyushu-u.ac.jp")
as necessary.
Flavors: r-devel-linux-x86_64-debian-clang, r-devel-linux-x86_64-debian-gcc
Version: 2.1.1
Check: examples
Result: NOTE
Examples with CPU (user + system) or elapsed time > 5s
user system elapsed
cv.spcrglm 9.056 0.012 11.971
Flavor: r-devel-linux-x86_64-debian-clang
Version: 2.1.1
Check: examples
Result: NOTE
Examples with CPU (user + system) or elapsed time > 5s
user system elapsed
cv.spcrglm 5.318 0.001 7.405
Flavor: r-devel-linux-x86_64-debian-gcc
Version: 2.1.1
Check: compiled code
Result: NOTE
File ‘spcr/libs/spcr.so’:
Found no calls to: ‘R_registerRoutines’, ‘R_useDynamicSymbols’
It is good practice to register native routines and to disable symbol
search.
See ‘Writing portable packages’ in the ‘Writing R Extensions’ manual.
Flavors: r-devel-linux-x86_64-fedora-clang, r-devel-linux-x86_64-fedora-gcc