Last updated on 2025-04-29 13:51:41 CEST.
Flavor | Version | Tinstall | Tcheck | Ttotal | Status | Flags |
---|---|---|---|---|---|---|
r-devel-linux-x86_64-debian-clang | 1.3.3 | 3.04 | 26.16 | 29.20 | NOTE | |
r-devel-linux-x86_64-debian-gcc | 1.3.3 | 2.35 | 20.20 | 22.55 | NOTE | |
r-devel-linux-x86_64-fedora-clang | 1.3.3 | 44.48 | NOTE | |||
r-devel-linux-x86_64-fedora-gcc | 1.3.3 | 42.63 | NOTE | |||
r-devel-windows-x86_64 | 1.3.3 | 3.00 | 51.00 | 54.00 | NOTE | |
r-patched-linux-x86_64 | 1.3.3 | 3.57 | 24.46 | 28.03 | NOTE | |
r-release-linux-x86_64 | 1.3.3 | 2.95 | 24.81 | 27.76 | NOTE | |
r-release-macos-arm64 | 1.3.3 | 19.00 | NOTE | |||
r-release-macos-x86_64 | 1.3.3 | 28.00 | NOTE | |||
r-release-windows-x86_64 | 1.3.3 | 5.00 | 56.00 | 61.00 | NOTE | |
r-oldrel-macos-arm64 | 1.3.3 | 18.00 | NOTE | |||
r-oldrel-macos-x86_64 | 1.3.3 | 27.00 | NOTE | |||
r-oldrel-windows-x86_64 | 1.3.3 | 4.00 | 49.00 | 53.00 | NOTE |
Version: 1.3.3
Check: CRAN incoming feasibility
Result: NOTE
Maintainer: ‘Chris Paciorek <paciorek@alumni.cmu.edu>’
No Authors@R field in DESCRIPTION.
Please add one, modifying
Authors@R: person(given = "Chris",
family = "Paciorek",
role = c("aut", "cre"),
email = "paciorek@alumni.cmu.edu")
as necessary.
Package CITATION file contains call(s) to old-style citEntry(). Please
use bibentry() instead.
Flavors: r-devel-linux-x86_64-debian-clang, r-devel-linux-x86_64-debian-gcc
Version: 1.3.3
Check: Rd files
Result: NOTE
checkRd: (-1) image.plot.Rd:78: Escaped LaTeX specials: \$
Flavors: r-devel-linux-x86_64-debian-clang, r-devel-linux-x86_64-debian-gcc, r-devel-linux-x86_64-fedora-clang, r-devel-linux-x86_64-fedora-gcc, r-devel-windows-x86_64, r-patched-linux-x86_64, r-release-linux-x86_64, r-release-macos-arm64, r-release-macos-x86_64, r-release-windows-x86_64, r-oldrel-macos-arm64, r-oldrel-macos-x86_64, r-oldrel-windows-x86_64