Last updated on 2025-04-29 13:51:41 CEST.
Flavor | Version | Tinstall | Tcheck | Ttotal | Status | Flags |
---|---|---|---|---|---|---|
r-devel-linux-x86_64-debian-clang | 0.3 | 3.00 | 37.40 | 40.40 | NOTE | |
r-devel-linux-x86_64-debian-gcc | 0.3 | 2.31 | 30.72 | 33.03 | NOTE | |
r-devel-linux-x86_64-fedora-clang | 0.3 | 61.80 | OK | |||
r-devel-linux-x86_64-fedora-gcc | 0.3 | 75.06 | OK | |||
r-devel-windows-x86_64 | 0.3 | 5.00 | 75.00 | 80.00 | OK | |
r-patched-linux-x86_64 | 0.3 | 2.64 | 37.51 | 40.15 | OK | |
r-release-linux-x86_64 | 0.3 | 2.88 | 37.67 | 40.55 | OK | |
r-release-macos-arm64 | 0.3 | 39.00 | OK | |||
r-release-macos-x86_64 | 0.3 | 59.00 | OK | |||
r-release-windows-x86_64 | 0.3 | 8.00 | 82.00 | 90.00 | OK | |
r-oldrel-macos-arm64 | 0.3 | 32.00 | OK | |||
r-oldrel-macos-x86_64 | 0.3 | 52.00 | OK | |||
r-oldrel-windows-x86_64 | 0.3 | 6.00 | 72.00 | 78.00 | OK |
Version: 0.3
Check: CRAN incoming feasibility
Result: NOTE
Maintainer: ‘Charles J. Geyer <charlie@stat.umn.edu>’
No Authors@R field in DESCRIPTION.
Please add one, modifying
Authors@R: c(person(given = c("Charles", "J."),
family = "Geyer",
role = c("aut", "cre"),
email = "charlie@stat.umn.edu"),
person(given = c("Elizabeth", "A."),
family = "Thompson",
role = "aut",
email = "eathomp@u.washington.edu"))
as necessary.
Flavors: r-devel-linux-x86_64-debian-clang, r-devel-linux-x86_64-debian-gcc