Last updated on 2025-04-29 13:51:41 CEST.
Flavor | Version | Tinstall | Tcheck | Ttotal | Status | Flags |
---|---|---|---|---|---|---|
r-devel-linux-x86_64-debian-clang | 1.0.2 | 2.45 | 22.85 | 25.30 | NOTE | |
r-devel-linux-x86_64-debian-gcc | 1.0.2 | 1.89 | 18.18 | 20.07 | NOTE | |
r-devel-linux-x86_64-fedora-clang | 1.0.2 | 37.02 | OK | |||
r-devel-linux-x86_64-fedora-gcc | 1.0.2 | 35.36 | OK | |||
r-devel-windows-x86_64 | 1.0.2 | 3.00 | 42.00 | 45.00 | OK | |
r-patched-linux-x86_64 | 1.0.2 | 2.93 | 20.68 | 23.61 | OK | |
r-release-linux-x86_64 | 1.0.2 | 2.34 | 20.38 | 22.72 | OK | |
r-release-macos-arm64 | 1.0.2 | 15.00 | OK | |||
r-release-macos-x86_64 | 1.0.2 | 23.00 | OK | |||
r-release-windows-x86_64 | 1.0.2 | 3.00 | 49.00 | 52.00 | OK | |
r-oldrel-macos-arm64 | 1.0.2 | 15.00 | OK | |||
r-oldrel-macos-x86_64 | 1.0.2 | 21.00 | OK | |||
r-oldrel-windows-x86_64 | 1.0.2 | 3.00 | 40.00 | 43.00 | OK |
Version: 1.0.2
Check: CRAN incoming feasibility
Result: NOTE
Maintainer: ‘Roberto Villegas-Diaz <r.villegas-diaz@outlook.com>’
Package CITATION file contains call(s) to old-style citEntry(). Please
use bibentry() instead.
Flavors: r-devel-linux-x86_64-debian-clang, r-devel-linux-x86_64-debian-gcc