CRAN Package Check Results for Package springpheno

Last updated on 2025-04-29 13:51:41 CEST.

Flavor Version Tinstall Tcheck Ttotal Status Flags
r-devel-linux-x86_64-debian-clang 0.5.0 2.42 24.28 26.70 NOTE
r-devel-linux-x86_64-debian-gcc 0.5.0 1.76 18.62 20.38 NOTE
r-devel-linux-x86_64-fedora-clang 0.5.0 41.20 OK
r-devel-linux-x86_64-fedora-gcc 0.5.0 39.20 OK
r-devel-windows-x86_64 0.5.0 4.00 43.00 47.00 OK
r-patched-linux-x86_64 0.5.0 2.39 23.25 25.64 OK
r-release-linux-x86_64 0.5.0 2.34 23.53 25.87 OK
r-release-macos-arm64 0.5.0 17.00 OK
r-release-macos-x86_64 0.5.0 27.00 OK
r-release-windows-x86_64 0.5.0 3.00 48.00 51.00 OK
r-oldrel-macos-arm64 0.5.0 15.00 OK
r-oldrel-macos-x86_64 0.5.0 26.00 OK
r-oldrel-windows-x86_64 0.5.0 3.00 43.00 46.00 OK

Check Details

Version: 0.5.0
Check: CRAN incoming feasibility
Result: NOTE Maintainer: ‘Adrienne M. Wootten <amwootte@ou.edu>’ No Authors@R field in DESCRIPTION. Please add one, modifying Authors@R: person(given = c("Adrienne", "M."), family = "Wootten", role = c("aut", "cre"), email = "amwootte@ou.edu", comment = "University of Oklahoma") as necessary. Flavors: r-devel-linux-x86_64-debian-clang, r-devel-linux-x86_64-debian-gcc