Last updated on 2025-04-29 13:51:41 CEST.
Flavor | Version | Tinstall | Tcheck | Ttotal | Status | Flags |
---|---|---|---|---|---|---|
r-devel-linux-x86_64-debian-clang | 0.1.4.1 | 3.95 | 34.31 | 38.26 | NOTE | |
r-devel-linux-x86_64-debian-gcc | 0.1.4.1 | 2.85 | 25.55 | 28.40 | NOTE | |
r-devel-linux-x86_64-fedora-clang | 0.1.4.1 | 62.24 | OK | |||
r-devel-linux-x86_64-fedora-gcc | 0.1.4.1 | 55.26 | OK | |||
r-devel-windows-x86_64 | 0.1.4.1 | 5.00 | 58.00 | 63.00 | OK | |
r-patched-linux-x86_64 | 0.1.4.1 | 4.05 | 32.57 | 36.62 | OK | |
r-release-linux-x86_64 | 0.1.4.1 | 3.83 | 32.42 | 36.25 | OK | |
r-release-macos-arm64 | 0.1.4.1 | 22.00 | OK | |||
r-release-macos-x86_64 | 0.1.4.1 | 41.00 | OK | |||
r-release-windows-x86_64 | 0.1.4.1 | 4.00 | 61.00 | 65.00 | OK | |
r-oldrel-macos-arm64 | 0.1.4.1 | 20.00 | OK | |||
r-oldrel-macos-x86_64 | 0.1.4.1 | 36.00 | OK | |||
r-oldrel-windows-x86_64 | 0.1.4.1 | 4.00 | 55.00 | 59.00 | OK |
Version: 0.1.4.1
Check: CRAN incoming feasibility
Result: NOTE
Maintainer: ‘Arnaud Le Rouzic <arnaud.le-rouzic@universite-paris-saclay.fr>’
No Authors@R field in DESCRIPTION.
Please add one, modifying
Authors@R: person(given = "Arnaud",
family = "Le Rouzic",
role = c("aut", "cre"),
email = "arnaud.le-rouzic@universite-paris-saclay.fr")
as necessary.
Flavors: r-devel-linux-x86_64-debian-clang, r-devel-linux-x86_64-debian-gcc