Last updated on 2025-04-29 19:50:48 CEST.
Flavor | Version | Tinstall | Tcheck | Ttotal | Status | Flags |
---|---|---|---|---|---|---|
r-devel-linux-x86_64-debian-clang | 0.4-26 | 59.55 | 48.82 | 108.37 | NOTE | |
r-devel-linux-x86_64-debian-gcc | 0.4-26 | 43.24 | 35.07 | 78.31 | NOTE | |
r-devel-linux-x86_64-fedora-clang | 0.4-26 | 229.74 | OK | |||
r-devel-linux-x86_64-fedora-gcc | 0.4-26 | 192.75 | OK | |||
r-devel-windows-x86_64 | 0.4-26 | 73.00 | 78.00 | 151.00 | OK | |
r-patched-linux-x86_64 | 0.4-26 | 60.86 | 44.84 | 105.70 | OK | |
r-release-linux-x86_64 | 0.4-26 | 62.17 | 45.03 | 107.20 | OK | |
r-release-macos-arm64 | 0.4-26 | 46.00 | OK | |||
r-release-macos-x86_64 | 0.4-26 | 77.00 | OK | |||
r-release-windows-x86_64 | 0.4-26 | 75.00 | 82.00 | 157.00 | OK | |
r-oldrel-macos-arm64 | 0.4-26 | 46.00 | OK | |||
r-oldrel-macos-x86_64 | 0.4-26 | 56.00 | OK | |||
r-oldrel-windows-x86_64 | 0.4-26 | 81.00 | 100.00 | 181.00 | OK |
Version: 0.4-26
Check: CRAN incoming feasibility
Result: NOTE
Maintainer: ‘Alexander Robitzsch <robitzsch@ipn.uni-kiel.de>’
No Authors@R field in DESCRIPTION.
Please add one, modifying
Authors@R: c(person(given = "Steffen",
family = "Nestler",
role = "aut"),
person(given = "Alexander",
family = "Robitzsch",
role = c("aut", "cre"),
email = "robitzsch@ipn.uni-kiel.de"),
person(given = "Oliver",
family = "Luedtke",
role = "aut"))
as necessary.
Package CITATION file contains call(s) to old-style personList() or
as.personList(). Please use c() on person objects instead.
Package CITATION file contains call(s) to old-style citEntry(). Please
use bibentry() instead.
Flavors: r-devel-linux-x86_64-debian-clang, r-devel-linux-x86_64-debian-gcc