Last updated on 2025-07-18 13:49:46 CEST.
Flavor | Version | Tinstall | Tcheck | Ttotal | Status | Flags |
---|---|---|---|---|---|---|
r-devel-linux-x86_64-debian-clang | 1.0.3 | 15.58 | 153.89 | 169.47 | NOTE | |
r-devel-linux-x86_64-debian-gcc | 1.0.3 | 12.58 | 107.42 | 120.00 | NOTE | |
r-devel-linux-x86_64-fedora-clang | 1.0.3 | 255.41 | OK | |||
r-devel-linux-x86_64-fedora-gcc | 1.0.3 | 252.54 | OK | |||
r-devel-windows-x86_64 | 1.0.3 | 18.00 | 161.00 | 179.00 | OK | |
r-patched-linux-x86_64 | 1.0.3 | 17.67 | 140.88 | 158.55 | OK | |
r-release-linux-x86_64 | 1.0.3 | 15.20 | 141.30 | 156.50 | OK | |
r-release-macos-arm64 | 1.0.3 | 72.00 | OK | |||
r-release-macos-x86_64 | 1.0.3 | 139.00 | OK | |||
r-release-windows-x86_64 | 1.0.3 | 19.00 | 160.00 | 179.00 | OK | |
r-oldrel-macos-arm64 | 1.0.3 | 76.00 | OK | |||
r-oldrel-macos-x86_64 | 1.0.3 | 113.00 | OK | |||
r-oldrel-windows-x86_64 | 1.0.3 | 24.00 | 207.00 | 231.00 | OK |
Version: 1.0.3
Check: CRAN incoming feasibility
Result: NOTE
Maintainer: ‘Kelli F. Johnson <kelli.johnson@noaa.gov>’
Package CITATION file contains call(s) to old-style personList() or
as.personList(). Please use c() on person objects instead.
Package CITATION file contains call(s) to old-style citEntry(). Please
use bibentry() instead.
Flavors: r-devel-linux-x86_64-debian-clang, r-devel-linux-x86_64-debian-gcc