CRAN Package Check Results for Package standardlastprofile

Last updated on 2025-11-16 00:48:47 CET.

Flavor Version Tinstall Tcheck Ttotal Status Flags
r-devel-linux-x86_64-debian-clang 1.0.0 1.86 41.58 43.44 NOTE
r-devel-linux-x86_64-debian-gcc 1.0.0 1.57 32.70 34.27 NOTE
r-devel-linux-x86_64-fedora-clang 1.0.0 63.80 NOTE
r-devel-linux-x86_64-fedora-gcc 1.0.0 72.95 NOTE
r-devel-windows-x86_64 1.0.0 5.00 57.00 62.00 NOTE
r-patched-linux-x86_64 1.0.0 1.93 39.57 41.50 NOTE
r-release-linux-x86_64 1.0.0 1.85 39.07 40.92 NOTE
r-release-macos-arm64 1.0.0 1.00 36.00 37.00 NOTE
r-release-macos-x86_64 1.0.0 2.00 52.00 54.00 NOTE
r-release-windows-x86_64 1.0.0 4.00 56.00 60.00 NOTE
r-oldrel-macos-arm64 1.0.0 1.00 26.00 27.00 OK
r-oldrel-macos-x86_64 1.0.0 2.00 39.00 41.00 OK
r-oldrel-windows-x86_64 1.0.0 4.00 69.00 73.00 OK

Check Details

Version: 1.0.0
Check: DESCRIPTION meta-information
Result: NOTE Missing dependency on R >= 4.1.0 because package code uses the pipe |> or function shorthand \(...) syntax added in R 4.1.0. File(s) using such syntax: ‘utils.R’ Flavors: r-devel-linux-x86_64-debian-clang, r-devel-linux-x86_64-debian-gcc, r-devel-linux-x86_64-fedora-clang, r-devel-linux-x86_64-fedora-gcc, r-devel-windows-x86_64, r-patched-linux-x86_64, r-release-linux-x86_64, r-release-macos-arm64, r-release-macos-x86_64, r-release-windows-x86_64