Last updated on 2024-07-13 05:49:27 CEST.
Flavor | Version | Tinstall | Tcheck | Ttotal | Status | Flags |
---|---|---|---|---|---|---|
r-devel-linux-x86_64-debian-clang | 0.7.1 | 2.54 | 54.21 | 56.75 | NOTE | --no-vignettes |
r-devel-linux-x86_64-debian-gcc | 0.7.1 | 2.32 | 37.86 | 40.18 | NOTE | --no-vignettes |
r-devel-linux-x86_64-fedora-clang | 0.7.1 | 1750.82 | NOTE | |||
r-devel-linux-x86_64-fedora-gcc | 0.7.1 | 1706.81 | NOTE | |||
r-devel-windows-x86_64 | 0.7.1 | 4.00 | 858.00 | 862.00 | NOTE | |
r-patched-linux-x86_64 | 0.7.1 | 4.72 | 50.50 | 55.22 | NOTE | --no-vignettes |
r-release-linux-x86_64 | 0.7.1 | 2.69 | 51.15 | 53.84 | NOTE | --no-vignettes |
r-release-macos-arm64 | 0.7.1 | 277.00 | NOTE | |||
r-release-macos-x86_64 | 0.7.1 | 635.00 | NOTE | |||
r-release-windows-x86_64 | 0.7.1 | 4.00 | 844.00 | 848.00 | NOTE | |
r-oldrel-macos-arm64 | 0.7.1 | 314.00 | NOTE | |||
r-oldrel-macos-x86_64 | 0.7.1 | 714.00 | NOTE | |||
r-oldrel-windows-x86_64 | 0.7.1 | 4.00 | 1026.00 | 1030.00 | NOTE |
Version: 0.7.1
Flags: --no-vignettes
Check: LazyData
Result: NOTE
'LazyData' is specified without a 'data' directory
Flavors: r-devel-linux-x86_64-debian-clang, r-devel-linux-x86_64-debian-gcc, r-patched-linux-x86_64, r-release-linux-x86_64
Version: 0.7.1
Check: LazyData
Result: NOTE
'LazyData' is specified without a 'data' directory
Flavors: r-devel-linux-x86_64-fedora-clang, r-devel-linux-x86_64-fedora-gcc, r-devel-windows-x86_64, r-release-macos-arm64, r-release-macos-x86_64, r-release-windows-x86_64, r-oldrel-macos-arm64, r-oldrel-macos-x86_64, r-oldrel-windows-x86_64
Version: 0.7.1
Check: Rd cross-references
Result: NOTE
Found the following Rd file(s) with Rd \link{} targets missing package
anchors:
staple.Rd: readNifti
Please provide package anchors for all Rd \link{} targets not in the
package itself and the base packages.
Flavor: r-devel-windows-x86_64