Last updated on 2024-06-27 16:49:16 CEST.
Flavor | Version | Tinstall | Tcheck | Ttotal | Status | Flags |
---|---|---|---|---|---|---|
r-devel-linux-x86_64-debian-clang | 0.6-5 | NOTE | ||||
r-devel-linux-x86_64-debian-gcc | 0.6-5 | 15.35 | 284.35 | 299.70 | NOTE | |
r-devel-linux-x86_64-fedora-clang | 0.6-5 | 496.32 | NOTE | |||
r-devel-linux-x86_64-fedora-gcc | 0.6-5 | 491.14 | NOTE | |||
r-devel-windows-x86_64 | 0.6-5 | 16.00 | 291.00 | 307.00 | NOTE | |
r-patched-linux-x86_64 | 0.6-5 | 22.05 | 369.86 | 391.91 | NOTE | |
r-release-linux-x86_64 | 0.6-5 | 17.72 | 365.79 | 383.51 | NOTE | |
r-release-macos-arm64 | 0.6-5 | 145.00 | NOTE | |||
r-release-macos-x86_64 | 0.6-5 | 239.00 | NOTE | |||
r-release-windows-x86_64 | 0.6-5 | 18.00 | 301.00 | 319.00 | NOTE | |
r-oldrel-macos-arm64 | 0.6-5 | 151.00 | NOTE | |||
r-oldrel-macos-x86_64 | 0.6-5 | 338.00 | NOTE | |||
r-oldrel-windows-x86_64 | 0.6-5 | 22.00 | 372.00 | 394.00 | NOTE |
Version: 0.6-5
Check: package dependencies
Result: NOTE
Package suggested but not available for checking: ‘starsdata’
Flavors: r-devel-linux-x86_64-debian-clang, r-devel-linux-x86_64-debian-gcc, r-devel-linux-x86_64-fedora-clang, r-devel-linux-x86_64-fedora-gcc, r-devel-windows-x86_64, r-patched-linux-x86_64, r-release-linux-x86_64, r-release-macos-arm64, r-release-macos-x86_64, r-release-windows-x86_64, r-oldrel-macos-arm64, r-oldrel-macos-x86_64, r-oldrel-windows-x86_64
Version: 0.6-5
Check: installed package size
Result: NOTE
installed size is 6.4Mb
sub-directories of 1Mb or more:
doc 2.4Mb
nc 1.8Mb
Flavors: r-devel-linux-x86_64-fedora-clang, r-devel-windows-x86_64, r-release-macos-arm64, r-release-macos-x86_64, r-release-windows-x86_64, r-oldrel-macos-arm64, r-oldrel-macos-x86_64, r-oldrel-windows-x86_64