Last updated on 2024-07-13 11:49:28 CEST.
Flavor | Version | Tinstall | Tcheck | Ttotal | Status | Flags |
---|---|---|---|---|---|---|
r-devel-linux-x86_64-debian-clang | 2019.6 | 12.01 | 553.26 | 565.27 | NOTE | |
r-devel-linux-x86_64-debian-gcc | 2019.6 | 9.65 | 388.59 | 398.24 | NOTE | |
r-devel-linux-x86_64-fedora-clang | 2019.6 | 674.34 | NOTE | |||
r-devel-linux-x86_64-fedora-gcc | 2019.6 | 692.62 | NOTE | |||
r-devel-windows-x86_64 | 2019.6 | 81.00 | 225.00 | 306.00 | NOTE | |
r-patched-linux-x86_64 | 2019.6 | 8.49 | 492.29 | 500.78 | NOTE | |
r-release-linux-x86_64 | 2019.6 | 8.33 | 493.93 | 502.26 | NOTE | |
r-release-macos-arm64 | 2019.6 | 85.00 | NOTE | |||
r-release-macos-x86_64 | 2019.6 | 177.00 | NOTE | |||
r-release-windows-x86_64 | 2019.6 | 47.00 | 234.00 | 281.00 | NOTE | |
r-oldrel-macos-arm64 | 2019.6 | 101.00 | NOTE | |||
r-oldrel-macos-x86_64 | 2019.6 | 176.00 | NOTE | |||
r-oldrel-windows-x86_64 | 2019.6 | 75.00 | 318.00 | 393.00 | NOTE |
Version: 2019.6
Check: package dependencies
Result: NOTE
Package suggested but not available for checking: ‘networksis’
Flavors: r-devel-linux-x86_64-debian-clang, r-devel-linux-x86_64-debian-gcc, r-devel-linux-x86_64-fedora-clang, r-devel-linux-x86_64-fedora-gcc, r-devel-windows-x86_64, r-patched-linux-x86_64, r-release-linux-x86_64, r-release-macos-arm64, r-release-macos-x86_64, r-release-windows-x86_64, r-oldrel-macos-arm64, r-oldrel-macos-x86_64, r-oldrel-windows-x86_64
Version: 2019.6
Check: whether startup messages can be suppressed
Result: NOTE
unable to reach CRAN
It looks like this package (or a package it requires) has a startup
message which cannot be suppressed: see ?packageStartupMessage.
Flavors: r-devel-windows-x86_64, r-release-macos-arm64, r-release-macos-x86_64, r-release-windows-x86_64
Version: 2019.6
Check: startup messages can be suppressed
Result: NOTE
unable to reach CRAN
It looks like this package (or a package it requires) has a startup
message which cannot be suppressed: see ?packageStartupMessage.
Flavors: r-oldrel-macos-arm64, r-oldrel-macos-x86_64, r-oldrel-windows-x86_64