Last updated on 2024-07-13 05:49:27 CEST.
Flavor | Version | Tinstall | Tcheck | Ttotal | Status | Flags |
---|---|---|---|---|---|---|
r-devel-linux-x86_64-debian-clang | 1.3.0 | 35.07 | 45.49 | 80.56 | OK | |
r-devel-linux-x86_64-debian-gcc | 1.3.0 | 31.53 | 34.32 | 65.85 | OK | |
r-devel-linux-x86_64-fedora-clang | 1.3.0 | 111.84 | NOTE | |||
r-devel-linux-x86_64-fedora-gcc | 1.3.0 | 108.98 | NOTE | |||
r-devel-windows-x86_64 | 1.3.0 | 33.00 | 69.00 | 102.00 | OK | |
r-patched-linux-x86_64 | 1.3.0 | 34.46 | 42.96 | 77.42 | OK | |
r-release-linux-x86_64 | 1.3.0 | 34.70 | 43.39 | 78.09 | OK | |
r-release-macos-arm64 | 1.3.0 | 52.00 | OK | |||
r-release-macos-x86_64 | 1.3.0 | 70.00 | OK | |||
r-release-windows-x86_64 | 1.3.0 | 34.00 | 69.00 | 103.00 | OK | |
r-oldrel-macos-arm64 | 1.3.0 | 55.00 | OK | |||
r-oldrel-macos-x86_64 | 1.3.0 | 112.00 | OK | |||
r-oldrel-windows-x86_64 | 1.3.0 | 38.00 | 77.00 | 115.00 | OK |
Version: 1.3.0
Check: data for non-ASCII characters
Result: NOTE
Note: found 534 marked UTF-8 strings
Flavors: r-devel-linux-x86_64-fedora-clang, r-devel-linux-x86_64-fedora-gcc