Last updated on 2025-10-23 11:50:29 CEST.
Flavor | Version | Tinstall | Tcheck | Ttotal | Status | Flags |
---|---|---|---|---|---|---|
r-devel-linux-x86_64-debian-clang | 0.3.0 | 32.22 | 146.08 | 178.30 | NOTE | |
r-devel-linux-x86_64-debian-gcc | 0.3.0 | 27.62 | 128.04 | 155.66 | OK | |
r-devel-linux-x86_64-fedora-clang | 0.3.0 | 233.00 | 62.85 | 295.85 | OK | |
r-devel-linux-x86_64-fedora-gcc | 0.3.0 | 83.00 | 252.23 | 335.23 | OK | |
r-devel-windows-x86_64 | 0.3.0 | 73.00 | 109.00 | 182.00 | OK | |
r-patched-linux-x86_64 | 0.3.0 | 40.55 | 148.55 | 189.10 | OK | |
r-release-linux-x86_64 | 0.3.0 | 35.64 | 148.71 | 184.35 | OK | |
r-release-macos-arm64 | 0.3.0 | 14.00 | 79.00 | 93.00 | OK | |
r-release-macos-x86_64 | 0.3.0 | 28.00 | 145.00 | 173.00 | OK | |
r-release-windows-x86_64 | 0.3.0 | 74.00 | 110.00 | 184.00 | OK | |
r-oldrel-macos-arm64 | 0.3.0 | 15.00 | 78.00 | 93.00 | NOTE | |
r-oldrel-macos-x86_64 | 0.3.0 | 25.00 | 137.00 | 162.00 | NOTE | |
r-oldrel-windows-x86_64 | 0.3.0 | 87.00 | 133.00 | 220.00 | NOTE |
Version: 0.3.0
Check: HTML version of manual
Result: NOTE
Found the following HTML validation problems:
plot_forecast.html:55:1 (plot_forecast.Rd:15): Warning: missing </ul> before </div>
Flavor: r-devel-linux-x86_64-debian-clang
Version: 0.3.0
Check: installed package size
Result: NOTE
installed size is 47.5Mb
sub-directories of 1Mb or more:
joss_paper 1.2Mb
libs 45.5Mb
Flavors: r-oldrel-macos-arm64, r-oldrel-macos-x86_64, r-oldrel-windows-x86_64