Last updated on 2025-10-01 21:50:31 CEST.
Flavor | Version | Tinstall | Tcheck | Ttotal | Status | Flags |
---|---|---|---|---|---|---|
r-devel-linux-x86_64-debian-clang | 2.0-8 | 25.76 | 160.51 | 186.27 | NOTE | |
r-devel-linux-x86_64-debian-gcc | 2.0-8 | 19.10 | 130.59 | 149.69 | NOTE | |
r-devel-linux-x86_64-fedora-clang | 2.0-8 | 315.66 | OK | |||
r-devel-linux-x86_64-fedora-gcc | 2.0-8 | 316.38 | OK | |||
r-devel-windows-x86_64 | 2.0-8 | 38.00 | 143.00 | 181.00 | OK | |
r-patched-linux-x86_64 | 2.0-8 | 25.81 | 161.87 | 187.68 | OK | |
r-release-linux-x86_64 | 2.0-8 | 25.88 | 160.33 | 186.21 | OK | |
r-release-macos-arm64 | 2.0-8 | 138.00 | OK | |||
r-release-macos-x86_64 | 2.0-8 | 156.00 | OK | |||
r-release-windows-x86_64 | 2.0-8 | 35.00 | 145.00 | 180.00 | OK | |
r-oldrel-macos-arm64 | 2.0-8 | 291.00 | OK | |||
r-oldrel-macos-x86_64 | 2.0-8 | 230.00 | OK | |||
r-oldrel-windows-x86_64 | 2.0-8 | 41.00 | 181.00 | 222.00 | OK |
Version: 2.0-8
Check: CRAN incoming feasibility
Result: NOTE
Maintainer: ‘Edith Gabriel <edith.gabriel@inrae.fr>’
The BugReports field in DESCRIPTION has
https://github.com/stpp-GitHub-community
which should likely be
https://github.com/stpp-GitHub-community/issues
instead.
Flavors: r-devel-linux-x86_64-debian-clang, r-devel-linux-x86_64-debian-gcc