Last updated on 2025-04-29 13:51:42 CEST.
Flavor | Version | Tinstall | Tcheck | Ttotal | Status | Flags |
---|---|---|---|---|---|---|
r-devel-linux-x86_64-debian-clang | 1.1 | 2.33 | 20.93 | 23.26 | NOTE | |
r-devel-linux-x86_64-debian-gcc | 1.1 | 1.68 | 16.93 | 18.61 | NOTE | |
r-devel-linux-x86_64-fedora-clang | 1.1 | 38.11 | OK | |||
r-devel-linux-x86_64-fedora-gcc | 1.1 | 35.37 | OK | |||
r-devel-windows-x86_64 | 1.1 | 4.00 | 43.00 | 47.00 | OK | |
r-patched-linux-x86_64 | 1.1 | 2.48 | 20.45 | 22.93 | OK | |
r-release-linux-x86_64 | 1.1 | 2.36 | 20.71 | 23.07 | OK | |
r-release-macos-arm64 | 1.1 | 18.00 | OK | |||
r-release-macos-x86_64 | 1.1 | 28.00 | OK | |||
r-release-windows-x86_64 | 1.1 | 6.00 | 46.00 | 52.00 | OK | |
r-oldrel-macos-arm64 | 1.1 | 17.00 | OK | |||
r-oldrel-macos-x86_64 | 1.1 | 24.00 | OK | |||
r-oldrel-windows-x86_64 | 1.1 | 3.00 | 53.00 | 56.00 | OK |
Version: 1.1
Check: CRAN incoming feasibility
Result: NOTE
Maintainer: ‘Xiangdong Gu <ustcgxd@gmail.com>’
No Authors@R field in DESCRIPTION.
Please add one, modifying
Authors@R: c(person(given = "Xiangdong",
family = "Gu",
role = c("aut", "cre"),
email = "ustcgxd@gmail.com"),
person(given = "Raji",
family = "Balasubramanian",
role = "aut"))
as necessary.
Flavors: r-devel-linux-x86_64-debian-clang, r-devel-linux-x86_64-debian-gcc