CRAN Package Check Results for Package streambugs

Last updated on 2025-04-29 13:51:42 CEST.

Flavor Version Tinstall Tcheck Ttotal Status Flags
r-devel-linux-x86_64-debian-clang 1.4 7.05 69.40 76.45 NOTE
r-devel-linux-x86_64-debian-gcc 1.4 5.02 46.66 51.68 NOTE
r-devel-linux-x86_64-fedora-clang 1.4 122.23 OK
r-devel-linux-x86_64-fedora-gcc 1.4 116.59 OK
r-devel-windows-x86_64 1.4 10.00 87.00 97.00 OK
r-patched-linux-x86_64 1.4 7.47 65.39 72.86 OK
r-release-linux-x86_64 1.4 7.34 64.96 72.30 OK
r-release-macos-arm64 1.4 39.00 OK
r-release-macos-x86_64 1.4 69.00 OK
r-release-windows-x86_64 1.4 10.00 89.00 99.00 OK
r-oldrel-macos-arm64 1.4 36.00 OK
r-oldrel-macos-x86_64 1.4 55.00 OK
r-oldrel-windows-x86_64 1.4 9.00 102.00 111.00 OK

Check Details

Version: 1.4
Check: CRAN incoming feasibility
Result: NOTE Maintainer: ‘Nele Schuwirth <nele.schuwirth@eawag.ch>’ No Authors@R field in DESCRIPTION. Please add one, modifying Authors@R: c(person(given = "Nele", family = "Schuwirth", role = c("aut", "cre"), email = "nele.schuwirth@eawag.ch"), person(given = "Peter", family = "Reichert", role = "aut"), person(given = "Mikolaj", family = "Rybinski", role = "aut")) as necessary. Flavors: r-devel-linux-x86_64-debian-clang, r-devel-linux-x86_64-debian-gcc