Last updated on 2024-06-27 16:49:16 CEST.
Flavor | Version | Tinstall | Tcheck | Ttotal | Status | Flags |
---|---|---|---|---|---|---|
r-devel-linux-x86_64-debian-clang | 0.16.0 | NOTE | ||||
r-devel-linux-x86_64-debian-gcc | 0.16.0 | 21.72 | 104.21 | 125.93 | NOTE | |
r-devel-linux-x86_64-fedora-clang | 0.16.0 | 226.62 | NOTE | |||
r-devel-linux-x86_64-fedora-gcc | 0.16.0 | 127.08 | NOTE | |||
r-devel-windows-x86_64 | 0.16.0 | 63.00 | 152.00 | 215.00 | NOTE | |
r-patched-linux-x86_64 | 0.16.0 | 26.23 | 142.91 | 169.14 | NOTE | |
r-release-linux-x86_64 | 0.16.0 | 27.39 | 141.10 | 168.49 | NOTE | |
r-release-macos-arm64 | 0.16.0 | 61.00 | NOTE | |||
r-release-macos-x86_64 | 0.16.0 | 132.00 | NOTE | |||
r-release-windows-x86_64 | 0.16.0 | 62.00 | 155.00 | 217.00 | NOTE | |
r-oldrel-macos-arm64 | 0.16.0 | 68.00 | NOTE | |||
r-oldrel-macos-x86_64 | 0.16.0 | 193.00 | NOTE | |||
r-oldrel-windows-x86_64 | 0.16.0 | 76.00 | 178.00 | 254.00 | NOTE |
Version: 0.16.0
Check: for GNU extensions in Makefiles
Result: NOTE
GNU make is a SystemRequirements.
Flavors: r-devel-linux-x86_64-debian-clang, r-devel-linux-x86_64-debian-gcc, r-devel-linux-x86_64-fedora-clang, r-devel-linux-x86_64-fedora-gcc, r-devel-windows-x86_64, r-patched-linux-x86_64, r-release-linux-x86_64, r-release-macos-arm64, r-release-macos-x86_64, r-release-windows-x86_64, r-oldrel-macos-arm64, r-oldrel-macos-x86_64, r-oldrel-windows-x86_64
Version: 0.16.0
Check: compiled code
Result: NOTE
File ‘stringfish/libs/stringfish.so’:
Found non-API calls to R: ‘LEVELS’, ‘STDVEC_DATAPTR’
Compiled code should not call non-API entry points in R.
See ‘Writing portable packages’ in the ‘Writing R Extensions’ manual.
Flavors: r-devel-linux-x86_64-debian-clang, r-devel-linux-x86_64-fedora-clang, r-devel-linux-x86_64-fedora-gcc
Version: 0.16.0
Check: compiled code
Result: NOTE
File ‘stringfish/libs/stringfish.so’:
Found non-API calls to R: ‘LEVELS’, ‘STDVEC_DATAPTR’
Compiled code should not call non-API entry points in R.
See ‘Writing portable packages’ in the ‘Writing R Extensions’ manual.
See section ‘Moving into C API compliance’ in the ‘Writing R
Extensions’ manual for issues with use of non-API entry points.
Flavor: r-devel-linux-x86_64-debian-gcc
Version: 0.16.0
Check: compiled code
Result: NOTE
File 'stringfish/libs/x64/stringfish.dll':
Found non-API calls to R: 'LEVELS', 'STDVEC_DATAPTR'
Compiled code should not call non-API entry points in R.
See 'Writing portable packages' in the 'Writing R Extensions' manual.
Flavor: r-devel-windows-x86_64