Last updated on 2025-04-29 13:51:42 CEST.
Flavor | Version | Tinstall | Tcheck | Ttotal | Status | Flags |
---|---|---|---|---|---|---|
r-devel-linux-x86_64-debian-clang | 1.3 | 2.03 | 25.40 | 27.43 | NOTE | |
r-devel-linux-x86_64-debian-gcc | 1.3 | 1.56 | 19.73 | 21.29 | NOTE | |
r-devel-linux-x86_64-fedora-clang | 1.3 | 44.11 | OK | |||
r-devel-linux-x86_64-fedora-gcc | 1.3 | 40.66 | OK | |||
r-devel-windows-x86_64 | 1.3 | 4.00 | 45.00 | 49.00 | OK | |
r-patched-linux-x86_64 | 1.3 | 2.28 | 23.94 | 26.22 | OK | |
r-release-linux-x86_64 | 1.3 | 1.87 | 24.55 | 26.42 | OK | |
r-release-macos-arm64 | 1.3 | 19.00 | OK | |||
r-release-macos-x86_64 | 1.3 | 28.00 | OK | |||
r-release-windows-x86_64 | 1.3 | 5.00 | 49.00 | 54.00 | OK | |
r-oldrel-macos-arm64 | 1.3 | 18.00 | OK | |||
r-oldrel-macos-x86_64 | 1.3 | 23.00 | OK | |||
r-oldrel-windows-x86_64 | 1.3 | 3.00 | 43.00 | 46.00 | OK |
Version: 1.3
Check: CRAN incoming feasibility
Result: NOTE
Maintainer: ‘Arturo Erdely <arturo.erdely@comunidad.unam.mx>’
No Authors@R field in DESCRIPTION.
Please add one, modifying
Authors@R: person(given = "Arturo",
family = "Erdely",
role = c("aut", "cre"),
email = "arturo.erdely@comunidad.unam.mx")
as necessary.
File 'R/subcopem2D-internal.R' sets .Random.seed.
This is usually neither needed nor wanted.
Flavors: r-devel-linux-x86_64-debian-clang, r-devel-linux-x86_64-debian-gcc