Last updated on 2025-11-16 06:49:58 CET.
| Flavor | Version | Tinstall | Tcheck | Ttotal | Status | Flags |
|---|---|---|---|---|---|---|
| r-devel-linux-x86_64-debian-clang | 1.9 | 5.56 | 59.55 | 65.11 | OK | |
| r-devel-linux-x86_64-debian-gcc | 1.9 | 3.69 | 36.46 | 40.15 | NOTE | |
| r-devel-linux-x86_64-fedora-clang | 1.9 | 104.61 | OK | |||
| r-devel-linux-x86_64-fedora-gcc | 1.9 | 95.09 | OK | |||
| r-devel-windows-x86_64 | 1.9 | 11.00 | 68.00 | 79.00 | OK | |
| r-patched-linux-x86_64 | 1.9 | 3.75 | 56.24 | 59.99 | OK | |
| r-release-linux-x86_64 | 1.9 | 3.75 | 56.01 | 59.76 | OK | |
| r-release-macos-arm64 | 1.9 | 4.00 | 26.00 | 30.00 | OK | |
| r-release-macos-x86_64 | 1.9 | 5.00 | 49.00 | 54.00 | OK | |
| r-release-windows-x86_64 | 1.9 | 11.00 | 70.00 | 81.00 | OK | |
| r-oldrel-macos-arm64 | 1.9 | 4.00 | 29.00 | 33.00 | OK | |
| r-oldrel-macos-x86_64 | 1.9 | 7.00 | 76.00 | 83.00 | OK | |
| r-oldrel-windows-x86_64 | 1.9 | 15.00 | 70.00 | 85.00 | OK |
Version: 1.9
Check: CRAN incoming feasibility
Result: NOTE
Maintainer: ‘Aaron A. King <kingaa@umich.edu>’
The BugReports field in DESCRIPTION has
https://github.com/kingaa/subplex/issues/
which should likely be
https://github.com/kingaa/subplex/issues/issues
instead.
Flavor: r-devel-linux-x86_64-debian-gcc