Last updated on 2025-07-08 20:49:59 CEST.
Flavor | Version | Tinstall | Tcheck | Ttotal | Status | Flags |
---|---|---|---|---|---|---|
r-devel-linux-x86_64-debian-clang | 0.1.0 | 3.89 | 141.03 | 144.92 | OK | |
r-devel-linux-x86_64-debian-gcc | 0.1.0 | 2.53 | 91.67 | 94.20 | OK | |
r-devel-linux-x86_64-fedora-clang | 0.1.0 | 219.90 | OK | |||
r-devel-linux-x86_64-fedora-gcc | 0.1.0 | 206.09 | OK | |||
r-devel-windows-x86_64 | 0.1.0 | 6.00 | 124.00 | 130.00 | OK | |
r-patched-linux-x86_64 | 0.1.0 | 4.16 | 132.96 | 137.12 | OK | |
r-release-linux-x86_64 | 0.1.0 | 3.81 | 132.50 | 136.31 | OK | |
r-release-macos-arm64 | 0.1.0 | 55.00 | OK | |||
r-release-macos-x86_64 | 0.1.0 | 114.00 | OK | |||
r-release-windows-x86_64 | 0.1.0 | 6.00 | 125.00 | 131.00 | OK | |
r-oldrel-macos-arm64 | 0.1.0 | 59.00 | NOTE | |||
r-oldrel-macos-x86_64 | 0.1.0 | 98.00 | NOTE | |||
r-oldrel-windows-x86_64 | 0.1.0 | 6.00 | 170.00 | 176.00 | NOTE |
Version: 0.1.0
Check: LazyData
Result: NOTE
'LazyData' is specified without a 'data' directory
Flavors: r-oldrel-macos-arm64, r-oldrel-macos-x86_64, r-oldrel-windows-x86_64