Last updated on 2025-11-16 00:48:47 CET.
| Flavor | Version | Tinstall | Tcheck | Ttotal | Status | Flags |
|---|---|---|---|---|---|---|
| r-devel-linux-x86_64-debian-clang | 1.0-5 | 12.29 | 102.88 | 115.17 | NOTE | |
| r-devel-linux-x86_64-debian-gcc | 1.0-5 | 8.40 | 71.92 | 80.32 | NOTE | |
| r-devel-linux-x86_64-fedora-clang | 1.0-5 | 86.00 | 110.15 | 196.15 | OK | |
| r-devel-linux-x86_64-fedora-gcc | 1.0-5 | 34.00 | 139.54 | 173.54 | OK | |
| r-devel-windows-x86_64 | 1.0-5 | 15.00 | 103.00 | 118.00 | OK | |
| r-patched-linux-x86_64 | 1.0-5 | 12.11 | 97.44 | 109.55 | OK | |
| r-release-linux-x86_64 | 1.0-5 | 11.52 | 96.33 | 107.85 | OK | |
| r-release-macos-arm64 | 1.0-5 | 5.00 | 38.00 | 43.00 | OK | |
| r-release-macos-x86_64 | 1.0-5 | 9.00 | 78.00 | 87.00 | OK | |
| r-release-windows-x86_64 | 1.0-5 | 14.00 | 99.00 | 113.00 | OK | |
| r-oldrel-macos-arm64 | 1.0-5 | 5.00 | 36.00 | 41.00 | NOTE | |
| r-oldrel-macos-x86_64 | 1.0-5 | 7.00 | 62.00 | 69.00 | NOTE | |
| r-oldrel-windows-x86_64 | 1.0-5 | 18.00 | 128.00 | 146.00 | NOTE |
Version: 1.0-5
Check: CRAN incoming feasibility
Result: NOTE
Maintainer: ‘Miki Horiguchi <horiguchimiki@gmail.com>’
No Authors@R field in DESCRIPTION.
Please add one, modifying
Authors@R: c(person(given = "Lu",
family = "Tian",
role = "aut"),
person(given = "Hajime",
family = "Uno",
role = "aut"),
person(given = "Miki",
family = "Horiguchi",
role = c("aut", "cre"),
email = "horiguchimiki@gmail.com"))
as necessary.
Flavors: r-devel-linux-x86_64-debian-clang, r-devel-linux-x86_64-debian-gcc
Version: 1.0-5
Check: LazyData
Result: NOTE
'LazyData' is specified without a 'data' directory
Flavors: r-oldrel-macos-arm64, r-oldrel-macos-x86_64, r-oldrel-windows-x86_64