Last updated on 2025-11-16 12:49:46 CET.
| Flavor | Version | Tinstall | Tcheck | Ttotal | Status | Flags |
|---|---|---|---|---|---|---|
| r-devel-linux-x86_64-debian-clang | 1.4-0 | 9.92 | 66.18 | 76.10 | OK | |
| r-devel-linux-x86_64-debian-gcc | 1.4-0 | 8.15 | 49.84 | 57.99 | NOTE | |
| r-devel-linux-x86_64-fedora-clang | 1.4-0 | 20.00 | 93.55 | 113.55 | OK | |
| r-devel-linux-x86_64-fedora-gcc | 1.4-0 | 20.00 | 83.97 | 103.97 | OK | |
| r-devel-windows-x86_64 | 1.4-0 | 19.00 | 81.00 | 100.00 | OK | |
| r-patched-linux-x86_64 | 1.4-0 | 10.38 | 62.20 | 72.58 | OK | |
| r-release-linux-x86_64 | 1.4-0 | 9.60 | 61.57 | 71.17 | OK | |
| r-release-macos-arm64 | 1.4-0 | 7.00 | 31.00 | 38.00 | OK | |
| r-release-macos-x86_64 | 1.4-0 | 16.00 | 93.00 | 109.00 | OK | |
| r-release-windows-x86_64 | 1.4-0 | 17.00 | 76.00 | 93.00 | OK | |
| r-oldrel-macos-arm64 | 1.4-0 | 8.00 | 37.00 | 45.00 | OK | |
| r-oldrel-macos-x86_64 | 1.4-0 | 16.00 | 97.00 | 113.00 | OK | |
| r-oldrel-windows-x86_64 | 1.4-0 | 19.00 | 95.00 | 114.00 | OK |
Version: 1.4-0
Check: CRAN incoming feasibility
Result: NOTE
Maintainer: ‘Frederic Bertrand <frederic.bertrand@lecnam.net>’
The BugReports field in DESCRIPTION has
https://github.com/fbertran/survAUC/issues/
which should likely be
https://github.com/fbertran/survAUC/issues/issues
instead.
Flavor: r-devel-linux-x86_64-debian-gcc