Last updated on 2025-04-29 13:51:42 CEST.
Flavor | Version | Tinstall | Tcheck | Ttotal | Status | Flags |
---|---|---|---|---|---|---|
r-devel-linux-x86_64-debian-clang | 1.0-3 | 6.16 | 61.44 | 67.60 | NOTE | |
r-devel-linux-x86_64-debian-gcc | 1.0-3 | 5.76 | 46.92 | 52.68 | NOTE | |
r-devel-linux-x86_64-fedora-clang | 1.0-3 | 106.45 | OK | |||
r-devel-linux-x86_64-fedora-gcc | 1.0-3 | 102.93 | OK | |||
r-devel-windows-x86_64 | 1.0-3 | 9.00 | 77.00 | 86.00 | OK | |
r-patched-linux-x86_64 | 1.0-3 | 7.32 | 60.11 | 67.43 | OK | |
r-release-linux-x86_64 | 1.0-3 | 6.13 | 59.78 | 65.91 | OK | |
r-release-macos-arm64 | 1.0-3 | 39.00 | OK | |||
r-release-macos-x86_64 | 1.0-3 | 67.00 | OK | |||
r-release-windows-x86_64 | 1.0-3 | 11.00 | 78.00 | 89.00 | OK | |
r-oldrel-macos-arm64 | 1.0-3 | 34.00 | OK | |||
r-oldrel-macos-x86_64 | 1.0-3 | 80.00 | OK | |||
r-oldrel-windows-x86_64 | 1.0-3 | 12.00 | 88.00 | 100.00 | OK |
Version: 1.0-3
Check: CRAN incoming feasibility
Result: NOTE
Maintainer: ‘Hajime Uno <huno@jimmy.harvard.edu>’
No Authors@R field in DESCRIPTION.
Please add one, modifying
Authors@R: person(given = "Hajime",
family = "Uno",
role = c("aut", "cre"),
email = "huno@jimmy.harvard.edu")
as necessary.
Flavors: r-devel-linux-x86_64-debian-clang, r-devel-linux-x86_64-debian-gcc