Last updated on 2025-05-17 07:50:35 CEST.
Flavor | Version | Tinstall | Tcheck | Ttotal | Status | Flags |
---|---|---|---|---|---|---|
r-devel-linux-x86_64-debian-clang | 2.0.4 | 18.40 | 171.28 | 189.68 | OK | |
r-devel-linux-x86_64-debian-gcc | 2.0.4 | 12.34 | 117.24 | 129.58 | OK | |
r-devel-linux-x86_64-fedora-clang | 2.0.4 | 315.92 | OK | |||
r-devel-linux-x86_64-fedora-gcc | 2.0.4 | 307.58 | OK | |||
r-devel-windows-x86_64 | 2.0.3 | 18.00 | 161.00 | 179.00 | OK | |
r-patched-linux-x86_64 | 2.0.3 | 16.14 | 163.60 | 179.74 | OK | |
r-release-linux-x86_64 | 2.0.3 | 17.37 | 164.13 | 181.50 | OK | |
r-release-macos-arm64 | 2.0.4 | 59.00 | OK | |||
r-release-macos-x86_64 | 2.0.3 | 113.00 | OK | |||
r-release-windows-x86_64 | 2.0.4 | 18.00 | 157.00 | 175.00 | OK | |
r-oldrel-macos-arm64 | 2.0.4 | 78.00 | NOTE | |||
r-oldrel-macos-x86_64 | 2.0.4 | 186.00 | WARN | |||
r-oldrel-windows-x86_64 | 2.0.3 | 24.00 | 210.00 | 234.00 | NOTE |
Version: 2.0.4
Check: package dependencies
Result: NOTE
Packages suggested but not available for checking:
'survHEinla', 'survHEhmc', 'INLA'
Flavors: r-oldrel-macos-arm64, r-oldrel-macos-x86_64
Version: 2.0.4
Check: for unstated dependencies in examples
Result: WARN
Warning in close.connection(con) :
Problem closing connection: No space left on device
Warning in close.connection(con) :
Problem closing connection: No space left on device
Warning in close.connection(con) :
Problem closing connection: No space left on device
Warning in close.connection(con) :
Problem closing connection: No space left on device
Warning in close.connection(con) :
Problem closing connection: No space left on device
Warning in close.connection(con) :
Problem closing connection: No space left on device
Warning in close.connection(con) :
Problem closing connection: No space left on device
Warning in close.connection(con) :
Problem closing connection: No space left on device
Warning in close.connection(con) :
Problem closing connection: No space left on device
Warning in close.connection(con) :
Problem closing connection: No space left on device
Warning in close.connection(con) :
Problem closing connection: No space left on device
Warning in close.connection(con) :
Problem closing connection: No space left on device
Warning in close.connection(con) :
Problem closing connection: No space left on device
Flavor: r-oldrel-macos-x86_64
Version: 2.0.3
Check: package dependencies
Result: NOTE
Packages suggested but not available for checking:
'survHEinla', 'survHEhmc'
Flavor: r-oldrel-windows-x86_64