CRAN Package Check Results for Package survIDINRI

Last updated on 2025-04-29 13:51:42 CEST.

Flavor Version Tinstall Tcheck Ttotal Status Flags
r-devel-linux-x86_64-debian-clang 1.1-2 6.93 56.89 63.82 NOTE
r-devel-linux-x86_64-debian-gcc 1.1-2 5.12 43.85 48.97 NOTE
r-devel-linux-x86_64-fedora-clang 1.1-2 99.50 OK
r-devel-linux-x86_64-fedora-gcc 1.1-2 95.70 OK
r-devel-windows-x86_64 1.1-2 11.00 78.00 89.00 OK
r-patched-linux-x86_64 1.1-2 6.68 54.01 60.69 OK
r-release-linux-x86_64 1.1-2 6.41 55.04 61.45 OK
r-release-macos-arm64 1.1-2 38.00 OK
r-release-macos-x86_64 1.1-2 113.00 OK
r-release-windows-x86_64 1.1-2 11.00 85.00 96.00 OK
r-oldrel-macos-arm64 1.1-2 34.00 OK
r-oldrel-macos-x86_64 1.1-2 58.00 OK
r-oldrel-windows-x86_64 1.1-2 11.00 86.00 97.00 OK

Check Details

Version: 1.1-2
Check: CRAN incoming feasibility
Result: NOTE Maintainer: ‘Hajime Uno <huno@jimmy.harvard.edu>’ No Authors@R field in DESCRIPTION. Please add one, modifying Authors@R: c(person(given = "Hajime", family = "Uno", role = c("aut", "cre"), email = "huno@jimmy.harvard.edu"), person(given = "Tianxi", family = "Cai", role = "aut")) as necessary. Flavors: r-devel-linux-x86_64-debian-clang, r-devel-linux-x86_64-debian-gcc