Last updated on 2025-11-16 12:49:46 CET.
| Flavor | Version | Tinstall | Tcheck | Ttotal | Status | Flags |
|---|---|---|---|---|---|---|
| r-devel-linux-x86_64-debian-clang | 4.4-8 | 45.68 | 364.97 | 410.65 | OK | |
| r-devel-linux-x86_64-debian-gcc | 4.4-8 | 30.27 | 251.61 | 281.88 | OK | |
| r-devel-linux-x86_64-fedora-clang | 4.4-8 | 238.00 | 445.71 | 683.71 | OK | |
| r-devel-linux-x86_64-fedora-gcc | 4.4-8 | 111.00 | 516.62 | 627.62 | OK | |
| r-devel-windows-x86_64 | 4.4-8 | 60.00 | 403.00 | 463.00 | OK | |
| r-patched-linux-x86_64 | 4.4-8 | 49.30 | 345.16 | 394.46 | OK | |
| r-release-linux-x86_64 | 4.4-8 | 49.14 | 348.32 | 397.46 | OK | |
| r-release-macos-arm64 | 4.4-8 | 21.00 | 166.00 | 187.00 | OK | |
| r-release-macos-x86_64 | 4.4-8 | 28.00 | 311.00 | 339.00 | OK | |
| r-release-windows-x86_64 | 4.4-8 | 52.00 | 404.00 | 456.00 | OK | |
| r-oldrel-macos-arm64 | 4.4-8 | 19.00 | 179.00 | 198.00 | NOTE | |
| r-oldrel-macos-x86_64 | 4.4-8 | 30.00 | 328.00 | 358.00 | NOTE | |
| r-oldrel-windows-x86_64 | 4.4-8 | 73.00 | 523.00 | 596.00 | OK |
Version: 4.4-8
Check: installed package size
Result: NOTE
installed size is 6.9Mb
sub-directories of 1Mb or more:
R 2.0Mb
doc 1.5Mb
libs 2.0Mb
Flavors: r-oldrel-macos-arm64, r-oldrel-macos-x86_64