Last updated on 2025-11-16 00:48:47 CET.
| Flavor | Version | Tinstall | Tcheck | Ttotal | Status | Flags |
|---|---|---|---|---|---|---|
| r-devel-linux-x86_64-debian-clang | 0.98 | 23.83 | 232.94 | 256.77 | NOTE | |
| r-devel-linux-x86_64-debian-gcc | 0.98 | 18.32 | 160.25 | 178.57 | OK | |
| r-devel-linux-x86_64-fedora-clang | 0.98 | 133.00 | 300.99 | 433.99 | OK | |
| r-devel-linux-x86_64-fedora-gcc | 0.98 | 62.00 | 325.16 | 387.16 | OK | |
| r-devel-windows-x86_64 | 0.98 | 31.00 | 313.00 | 344.00 | NOTE | |
| r-patched-linux-x86_64 | 0.98 | 24.71 | 218.35 | 243.06 | OK | |
| r-release-linux-x86_64 | 0.98 | 26.83 | 222.03 | 248.86 | OK | |
| r-release-macos-arm64 | 0.98 | 11.00 | 78.00 | 89.00 | OK | |
| r-release-macos-x86_64 | 0.98 | 30.00 | 115.00 | 145.00 | OK | |
| r-release-windows-x86_64 | 0.98 | 28.00 | 219.00 | 247.00 | OK | |
| r-oldrel-macos-arm64 | 0.98 | 11.00 | 81.00 | 92.00 | OK | |
| r-oldrel-macos-x86_64 | 0.98 | 20.00 | 104.00 | 124.00 | OK | |
| r-oldrel-windows-x86_64 | 0.98 | 28.00 | 290.00 | 318.00 | OK |
Version: 0.98
Check: Rd files
Result: NOTE
checkRd: (-1) survivalSL.Rd:44-59: Only 4 columns allowed in this table (row 1 has 3)
checkRd: (-1) survivalSL.Rd:44-59: Only 4 columns allowed in this table (row 2 has 3)
checkRd: (-1) survivalSL.Rd:44-59: Only 4 columns allowed in this table (row 3 has 3)
checkRd: (-1) survivalSL.Rd:44-59: Only 4 columns allowed in this table (row 4 has 3)
checkRd: (-1) survivalSL.Rd:44-59: Only 4 columns allowed in this table (row 5 has 3)
checkRd: (-1) survivalSL.Rd:44-59: Only 4 columns allowed in this table (row 6 has 3)
checkRd: (-1) survivalSL.Rd:44-59: Only 4 columns allowed in this table (row 7 has 3)
checkRd: (-1) survivalSL.Rd:44-59: Only 4 columns allowed in this table (row 8 has 3)
checkRd: (-1) survivalSL.Rd:44-59: Only 4 columns allowed in this table (row 9 has 3)
checkRd: (-1) survivalSL.Rd:44-59: Only 4 columns allowed in this table (row 10 has 3)
checkRd: (-1) survivalSL.Rd:44-59: Only 4 columns allowed in this table (row 11 has 3)
checkRd: (-1) survivalSL.Rd:44-59: Only 4 columns allowed in this table (row 12 has 3)
checkRd: (-1) survivalSL.Rd:44-59: Only 4 columns allowed in this table (row 13 has 3)
checkRd: (-1) survivalSL.Rd:44-59: Only 4 columns allowed in this table (row 14 has 3)
Flavors: r-devel-linux-x86_64-debian-clang, r-devel-windows-x86_64