Last updated on 2025-04-29 13:51:42 CEST.
Flavor | Version | Tinstall | Tcheck | Ttotal | Status | Flags |
---|---|---|---|---|---|---|
r-devel-linux-x86_64-debian-clang | 1.3 | 1.96 | 19.12 | 21.08 | NOTE | |
r-devel-linux-x86_64-debian-gcc | 1.3 | 1.30 | 15.77 | 17.07 | NOTE | |
r-devel-linux-x86_64-fedora-clang | 1.3 | 32.55 | OK | |||
r-devel-linux-x86_64-fedora-gcc | 1.3 | 30.44 | OK | |||
r-devel-windows-x86_64 | 1.3 | 2.00 | 41.00 | 43.00 | OK | |
r-patched-linux-x86_64 | 1.3 | 2.13 | 17.88 | 20.01 | OK | |
r-release-linux-x86_64 | 1.3 | 1.91 | 18.30 | 20.21 | OK | |
r-release-macos-arm64 | 1.3 | 16.00 | OK | |||
r-release-macos-x86_64 | 1.3 | 24.00 | OK | |||
r-release-windows-x86_64 | 1.3 | 2.00 | 45.00 | 47.00 | OK | |
r-oldrel-macos-arm64 | 1.3 | 15.00 | OK | |||
r-oldrel-macos-x86_64 | 1.3 | 20.00 | OK | |||
r-oldrel-windows-x86_64 | 1.3 | 3.00 | 40.00 | 43.00 | OK |
Version: 1.3
Check: CRAN incoming feasibility
Result: NOTE
Maintainer: ‘Marta Bofill Roig <marta.bofillroig@meduniwien.ac.at>’
No Authors@R field in DESCRIPTION.
Please add one, modifying
Authors@R: c(person(given = c("Marta", "Bofill"),
family = "Roig",
role = c("aut", "cre"),
email = "marta.bofillroig@meduniwien.ac.at"),
person(given = c("Guadalupe", "Gomez"),
family = "Melis",
role = "ctb"),
person(given = "Yu",
family = "Shen",
role = "ctb"))
as necessary.
The Description field contains
found in Bofill, Shen & Gómez (2021) <arXiv:2008.12887>.
Please refer to arXiv e-prints via their arXiv DOI <doi:10.48550/arXiv.YYMM.NNNNN>.
Flavors: r-devel-linux-x86_64-debian-clang, r-devel-linux-x86_64-debian-gcc