CRAN Package Check Results for Package survout

Last updated on 2025-10-24 18:50:09 CEST.

Flavor Version Tinstall Tcheck Ttotal Status Flags
r-devel-linux-x86_64-debian-clang 0.1.0 9.32 82.42 91.74 NOTE
r-devel-linux-x86_64-debian-gcc 0.1.0 6.91 57.85 64.76 NOTE
r-devel-linux-x86_64-fedora-clang 0.1.0 46.00 97.07 143.07 OK
r-devel-linux-x86_64-fedora-gcc 0.1.0 18.00 107.39 125.39 OK
r-devel-windows-x86_64 0.1.0 10.00 90.00 100.00 OK
r-patched-linux-x86_64 0.1.0 8.90 74.21 83.11 OK
r-release-linux-x86_64 0.1.0 8.41 74.37 82.78 OK
r-release-macos-arm64 0.1.0 4.00 35.00 39.00 OK
r-release-macos-x86_64 0.1.0 9.00 69.00 78.00 OK
r-release-windows-x86_64 0.1.0 10.00 85.00 95.00 OK
r-oldrel-macos-arm64 0.1.0 4.00 36.00 40.00 OK
r-oldrel-macos-x86_64 0.1.0 7.00 55.00 62.00 OK
r-oldrel-windows-x86_64 0.1.0 14.00 104.00 118.00 OK

Check Details

Version: 0.1.0
Check: CRAN incoming feasibility
Result: NOTE Maintainer: ‘Xuefei Jia <xuefeij.ai@gmail.com>’ No Authors@R field in DESCRIPTION. Please add one, modifying Authors@R: person(given = "Xuefei", family = "Jia", role = c("aut", "cre"), email = "xuefeij.ai@gmail.com") as necessary. Flavors: r-devel-linux-x86_64-debian-clang, r-devel-linux-x86_64-debian-gcc