Last updated on 2025-04-29 13:51:42 CEST.
Flavor | Version | Tinstall | Tcheck | Ttotal | Status | Flags |
---|---|---|---|---|---|---|
r-devel-linux-x86_64-debian-clang | 0.1.0 | 10.15 | 76.10 | 86.25 | NOTE | |
r-devel-linux-x86_64-debian-gcc | 0.1.0 | 6.03 | 55.71 | 61.74 | NOTE | |
r-devel-linux-x86_64-fedora-clang | 0.1.0 | 135.51 | OK | |||
r-devel-linux-x86_64-fedora-gcc | 0.1.0 | 126.25 | OK | |||
r-devel-windows-x86_64 | 0.1.0 | 10.00 | 86.00 | 96.00 | OK | |
r-patched-linux-x86_64 | 0.1.0 | 8.48 | 72.31 | 80.79 | OK | |
r-release-linux-x86_64 | 0.1.0 | 9.15 | 72.91 | 82.06 | OK | |
r-release-macos-arm64 | 0.1.0 | 39.00 | OK | |||
r-release-macos-x86_64 | 0.1.0 | 78.00 | OK | |||
r-release-windows-x86_64 | 0.1.0 | 11.00 | 87.00 | 98.00 | OK | |
r-oldrel-macos-arm64 | 0.1.0 | 40.00 | OK | |||
r-oldrel-macos-x86_64 | 0.1.0 | 62.00 | OK | |||
r-oldrel-windows-x86_64 | 0.1.0 | 13.00 | 105.00 | 118.00 | OK |
Version: 0.1.0
Check: CRAN incoming feasibility
Result: NOTE
Maintainer: ‘Xuefei Jia <xuefeij.ai@gmail.com>’
No Authors@R field in DESCRIPTION.
Please add one, modifying
Authors@R: person(given = "Xuefei",
family = "Jia",
role = c("aut", "cre"),
email = "xuefeij.ai@gmail.com")
as necessary.
Flavors: r-devel-linux-x86_64-debian-clang, r-devel-linux-x86_64-debian-gcc