Last updated on 2025-11-16 12:49:46 CET.
| Flavor | Version | Tinstall | Tcheck | Ttotal | Status | Flags |
|---|---|---|---|---|---|---|
| r-devel-linux-x86_64-debian-clang | 0.2.7 | 118.60 | 58.57 | 177.17 | OK | |
| r-devel-linux-x86_64-debian-gcc | 0.2.7 | 94.76 | 51.09 | 145.85 | OK | |
| r-devel-linux-x86_64-fedora-clang | 0.2.7 | 504.00 | -209.31 | 294.69 | OK | |
| r-devel-linux-x86_64-fedora-gcc | 0.2.7 | 317.00 | 26.46 | 343.46 | OK | |
| r-devel-windows-x86_64 | 0.2.7 | 135.00 | 130.00 | 265.00 | OK | |
| r-patched-linux-x86_64 | 0.2.7 | 135.99 | 67.23 | 203.22 | OK | |
| r-release-linux-x86_64 | 0.2.7 | 134.62 | 67.05 | 201.67 | OK | |
| r-release-macos-arm64 | 0.2.7 | 62.00 | 32.00 | 94.00 | OK | |
| r-release-macos-x86_64 | 0.2.7 | 113.00 | 53.00 | 166.00 | OK | |
| r-release-windows-x86_64 | 0.2.7 | 124.00 | 134.00 | 258.00 | OK | |
| r-oldrel-macos-arm64 | 0.2.7 | 51.00 | 36.00 | 87.00 | NOTE | |
| r-oldrel-macos-x86_64 | 0.2.7 | 102.00 | 55.00 | 157.00 | NOTE | |
| r-oldrel-windows-x86_64 | 0.2.7 | 157.00 | 148.00 | 305.00 | NOTE |
Version: 0.2.7
Check: installed package size
Result: NOTE
installed size is 49.0Mb
sub-directories of 1Mb or more:
libs 48.5Mb
Flavors: r-oldrel-macos-arm64, r-oldrel-macos-x86_64, r-oldrel-windows-x86_64