CRAN Package Check Results for Package svyweight

Last updated on 2025-04-29 13:51:42 CEST.

Flavor Version Tinstall Tcheck Ttotal Status Flags
r-devel-linux-x86_64-debian-clang 0.1.0 7.91 71.58 79.49 NOTE
r-devel-linux-x86_64-debian-gcc 0.1.0 6.37 51.55 57.92 NOTE
r-devel-linux-x86_64-fedora-clang 0.1.0 124.81 NOTE
r-devel-linux-x86_64-fedora-gcc 0.1.0 118.99 NOTE
r-devel-windows-x86_64 0.1.0 9.00 82.00 91.00 NOTE
r-patched-linux-x86_64 0.1.0 8.13 68.09 76.22 NOTE
r-release-linux-x86_64 0.1.0 7.10 68.91 76.01 NOTE
r-release-macos-arm64 0.1.0 42.00 NOTE
r-release-macos-x86_64 0.1.0 78.00 NOTE
r-release-windows-x86_64 0.1.0 9.00 83.00 92.00 NOTE
r-oldrel-macos-arm64 0.1.0 42.00 NOTE
r-oldrel-macos-x86_64 0.1.0 55.00 NOTE
r-oldrel-windows-x86_64 0.1.0 10.00 97.00 107.00 NOTE

Check Details

Version: 0.1.0
Check: Rd files
Result: NOTE checkRd: (-1) eff_n.Rd:32: Lost braces; missing escapes or markup? 32 | \code{\link[survey:surveysummary]{survey::svymean()}} and related functions from the {survey} | ^ Flavors: r-devel-linux-x86_64-debian-clang, r-devel-linux-x86_64-debian-gcc, r-devel-linux-x86_64-fedora-clang, r-devel-linux-x86_64-fedora-gcc, r-devel-windows-x86_64, r-patched-linux-x86_64, r-release-linux-x86_64, r-release-macos-arm64, r-release-macos-x86_64, r-release-windows-x86_64, r-oldrel-macos-arm64, r-oldrel-macos-x86_64, r-oldrel-windows-x86_64