Last updated on 2025-05-17 07:50:35 CEST.
Flavor | Version | Tinstall | Tcheck | Ttotal | Status | Flags |
---|---|---|---|---|---|---|
r-devel-linux-x86_64-debian-clang | 2.0.0 | 52.94 | 56.14 | 109.08 | OK | |
r-devel-linux-x86_64-debian-gcc | 2.0.0 | 38.95 | 36.78 | 75.73 | OK | |
r-devel-linux-x86_64-fedora-clang | 2.0.0 | 179.83 | OK | |||
r-devel-linux-x86_64-fedora-gcc | 2.0.0 | 199.74 | OK | |||
r-devel-windows-x86_64 | 2.0.0 | 60.00 | 97.00 | 157.00 | OK | |
r-patched-linux-x86_64 | 2.0.0 | 53.48 | 51.67 | 105.15 | OK | |
r-release-linux-x86_64 | 2.0.0 | 54.33 | 51.50 | 105.83 | OK | |
r-release-macos-arm64 | 2.0.0 | 45.00 | OK | |||
r-release-macos-x86_64 | 2.0.0 | 101.00 | OK | |||
r-release-windows-x86_64 | 2.0.0 | 59.00 | 93.00 | 152.00 | OK | |
r-oldrel-macos-arm64 | 2.0.0 | 43.00 | NOTE | |||
r-oldrel-macos-x86_64 | 2.0.0 | 82.00 | NOTE | |||
r-oldrel-windows-x86_64 | 2.0.0 | 71.00 | 113.00 | 184.00 | OK |
Version: 2.0.0
Check: installed package size
Result: NOTE
installed size is 5.3Mb
sub-directories of 1Mb or more:
libs 4.5Mb
Flavors: r-oldrel-macos-arm64, r-oldrel-macos-x86_64