Last updated on 2025-10-02 16:48:54 CEST.
Flavor | Version | Tinstall | Tcheck | Ttotal | Status | Flags |
---|---|---|---|---|---|---|
r-devel-linux-x86_64-debian-clang | 0.2.3 | 111.85 | 34.64 | 146.49 | NOTE | |
r-devel-linux-x86_64-debian-gcc | 0.2.3 | 74.86 | 27.74 | 102.60 | NOTE | |
r-devel-linux-x86_64-fedora-clang | 0.2.3 | 301.96 | OK | |||
r-devel-linux-x86_64-fedora-gcc | 0.2.3 | 266.58 | OK | |||
r-devel-windows-x86_64 | 0.2.3 | 140.00 | 69.00 | 209.00 | OK | |
r-patched-linux-x86_64 | 0.2.3 | 113.96 | 33.07 | 147.03 | OK | |
r-release-linux-x86_64 | 0.2.3 | 111.98 | 32.90 | 144.88 | OK | |
r-release-macos-arm64 | 0.2.3 | 65.00 | OK | |||
r-release-macos-x86_64 | 0.2.3 | 79.00 | OK | |||
r-release-windows-x86_64 | 0.2.3 | 137.00 | 75.00 | 212.00 | OK | |
r-oldrel-macos-arm64 | 0.2.3 | 69.00 | OK | |||
r-oldrel-macos-x86_64 | 0.2.3 | 73.00 | OK | |||
r-oldrel-windows-x86_64 | 0.2.3 | 160.00 | 86.00 | 246.00 | OK |
Version: 0.2.3
Check: CRAN incoming feasibility
Result: NOTE
Maintainer: ‘Blagoje Ivanović <blagoje.ivanovic@matf.bg.ac.rs>’
No Authors@R field in DESCRIPTION.
Please add one, modifying
Authors@R: person(given = "Blagoje",
family = "Ivanović",
role = c("aut", "cre"),
email = "blagoje.ivanovic@matf.bg.ac.rs")
as necessary.
Flavors: r-devel-linux-x86_64-debian-clang, r-devel-linux-x86_64-debian-gcc