CRAN Package Check Results for Package sysid

Last updated on 2025-07-05 13:48:37 CEST.

Flavor Version Tinstall Tcheck Ttotal Status Flags
r-devel-linux-x86_64-debian-clang 1.0.4 8.48 70.09 78.57 NOTE
r-devel-linux-x86_64-debian-gcc 1.0.4 4.61 49.17 53.78 NOTE
r-devel-linux-x86_64-fedora-clang 1.0.4 116.60 NOTE
r-devel-linux-x86_64-fedora-gcc 1.0.4 111.04 NOTE
r-devel-windows-x86_64 1.0.4 10.00 92.00 102.00 OK
r-patched-linux-x86_64 1.0.4 7.86 65.35 73.21 NOTE
r-release-linux-x86_64 1.0.4 7.27 65.65 72.92 NOTE
r-release-macos-arm64 1.0.4 34.00 OK
r-release-macos-x86_64 1.0.4 66.00 OK
r-release-windows-x86_64 1.0.4 11.00 96.00 107.00 OK
r-oldrel-macos-arm64 1.0.4 33.00 OK
r-oldrel-macos-x86_64 1.0.4 57.00 OK
r-oldrel-windows-x86_64 1.0.4 12.00 107.00 119.00 OK

Check Details

Version: 1.0.4
Check: CRAN incoming feasibility
Result: NOTE Maintainer: ‘Suraj Yerramilli <surajyerramilli@gmail.com>’ No Authors@R field in DESCRIPTION. Please add one, modifying Authors@R: c(person(given = "Suraj", family = "Yerramilli", role = c("aut", "cre"), email = "surajyerramilli@gmail.com"), person(given = "Arun", family = "Tangirala", role = "aut")) as necessary. Flavors: r-devel-linux-x86_64-debian-clang, r-devel-linux-x86_64-debian-gcc

Version: 1.0.4
Check: for non-standard things in the check directory
Result: NOTE Found the following files/directories: ‘test.csv’ Flavors: r-devel-linux-x86_64-debian-clang, r-devel-linux-x86_64-debian-gcc, r-devel-linux-x86_64-fedora-clang, r-devel-linux-x86_64-fedora-gcc, r-patched-linux-x86_64, r-release-linux-x86_64