Last updated on 2024-07-13 05:49:28 CEST.
Flavor | Version | Tinstall | Tcheck | Ttotal | Status | Flags |
---|---|---|---|---|---|---|
r-devel-linux-x86_64-debian-clang | 0.2.1 | 1.52 | 24.30 | 25.82 | NOTE | |
r-devel-linux-x86_64-debian-gcc | 0.2.1 | 1.53 | 18.62 | 20.15 | NOTE | |
r-devel-linux-x86_64-fedora-clang | 0.2.1 | 33.18 | NOTE | |||
r-devel-linux-x86_64-fedora-gcc | 0.2.1 | 31.58 | NOTE | |||
r-devel-windows-x86_64 | 0.2.1 | 2.00 | 42.00 | 44.00 | NOTE | |
r-patched-linux-x86_64 | 0.2.1 | 1.95 | 22.79 | 24.74 | NOTE | |
r-release-linux-x86_64 | 0.2.1 | 1.60 | 22.86 | 24.46 | NOTE | |
r-release-macos-arm64 | 0.2.1 | 15.00 | NOTE | |||
r-release-macos-x86_64 | 0.2.1 | 21.00 | NOTE | |||
r-release-windows-x86_64 | 0.2.1 | 2.00 | 41.00 | 43.00 | NOTE | |
r-oldrel-macos-arm64 | 0.2.1 | 16.00 | NOTE | |||
r-oldrel-macos-x86_64 | 0.2.1 | 18.00 | NOTE | |||
r-oldrel-windows-x86_64 | 0.2.1 | 2.00 | 50.00 | 52.00 | NOTE |
Version: 0.2.1
Check: LazyData
Result: NOTE
'LazyData' is specified without a 'data' directory
Flavors: r-devel-linux-x86_64-debian-clang, r-devel-linux-x86_64-debian-gcc, r-devel-linux-x86_64-fedora-clang, r-devel-linux-x86_64-fedora-gcc, r-devel-windows-x86_64, r-patched-linux-x86_64, r-release-linux-x86_64, r-release-macos-arm64, r-release-macos-x86_64, r-release-windows-x86_64, r-oldrel-macos-arm64, r-oldrel-macos-x86_64, r-oldrel-windows-x86_64