Last updated on 2025-10-03 04:49:47 CEST.
Flavor | Version | Tinstall | Tcheck | Ttotal | Status | Flags |
---|---|---|---|---|---|---|
r-devel-linux-x86_64-debian-clang | 0.2.1 | 32.92 | 218.44 | 251.36 | OK | |
r-devel-linux-x86_64-debian-gcc | 0.2.1 | 23.54 | 168.91 | 192.45 | OK | |
r-devel-linux-x86_64-fedora-clang | 0.2.1 | 379.37 | OK | |||
r-devel-linux-x86_64-fedora-gcc | 0.2.1 | 427.17 | OK | |||
r-devel-windows-x86_64 | 0.2.1 | 40.00 | 205.00 | 245.00 | OK | |
r-patched-linux-x86_64 | 0.2.1 | 36.56 | 232.53 | 269.09 | OK | |
r-release-linux-x86_64 | 0.2.0 | 33.92 | 237.72 | 271.64 | NOTE | |
r-release-macos-arm64 | 0.2.0 | 94.00 | NOTE | |||
r-release-macos-x86_64 | 0.2.1 | 405.00 | OK | |||
r-release-windows-x86_64 | 0.2.1 | 41.00 | 205.00 | 246.00 | OK | |
r-oldrel-macos-arm64 | 0.2.0 | 80.00 | NOTE | |||
r-oldrel-macos-x86_64 | 0.2.1 | 361.00 | OK | |||
r-oldrel-windows-x86_64 | 0.2.1 | 47.00 | 269.00 | 316.00 | OK |
Version: 0.2.0
Check: C++ specification
Result: NOTE
Specified C++11: please drop specification unless essential
Flavors: r-release-linux-x86_64, r-release-macos-arm64, r-oldrel-macos-arm64