Last updated on 2024-06-27 16:49:17 CEST.
Flavor | Version | Tinstall | Tcheck | Ttotal | Status | Flags |
---|---|---|---|---|---|---|
r-devel-linux-x86_64-debian-clang | 2.0-4 | OK | ||||
r-devel-linux-x86_64-debian-gcc | 2.0-4 | 64.49 | 560.90 | 625.39 | OK | |
r-devel-linux-x86_64-fedora-clang | 2.0-4 | 394.82 | OK | |||
r-devel-linux-x86_64-fedora-gcc | 2.0-4 | 559.30 | OK | |||
r-devel-windows-x86_64 | 2.0-4 | 71.00 | 176.00 | 247.00 | OK | |
r-patched-linux-x86_64 | 2.0-4 | 80.68 | 459.58 | 540.26 | OK | |
r-release-linux-x86_64 | 2.0-4 | 85.12 | 450.34 | 535.46 | OK | |
r-release-macos-arm64 | 2.0-4 | 86.00 | NOTE | |||
r-release-macos-x86_64 | 2.0-4 | 114.00 | NOTE | |||
r-release-windows-x86_64 | 2.0-4 | 75.00 | 176.00 | 251.00 | OK | |
r-oldrel-macos-arm64 | 2.0-4 | 100.00 | NOTE | |||
r-oldrel-macos-x86_64 | 2.0-4 | 226.00 | NOTE | |||
r-oldrel-windows-x86_64 | 2.0-4 | 85.00 | 193.00 | 278.00 | OK |
Version: 2.0-4
Check: installed package size
Result: NOTE
installed size is 7.2Mb
sub-directories of 1Mb or more:
libs 5.8Mb
Flavors: r-release-macos-arm64, r-release-macos-x86_64, r-oldrel-macos-arm64, r-oldrel-macos-x86_64