Last updated on 2025-10-24 05:50:59 CEST.
| Flavor | Version | Tinstall | Tcheck | Ttotal | Status | Flags |
|---|---|---|---|---|---|---|
| r-devel-linux-x86_64-debian-clang | 0.3.0 | 93.87 | 45.01 | 138.88 | OK | |
| r-devel-linux-x86_64-debian-gcc | 0.3.0 | 61.02 | 34.92 | 95.94 | OK | |
| r-devel-linux-x86_64-fedora-clang | 0.3.0 | 331.00 | -59.21 | 271.79 | OK | |
| r-devel-linux-x86_64-fedora-gcc | 0.3.0 | 150.00 | 98.48 | 248.48 | OK | |
| r-devel-windows-x86_64 | 0.3.0 | 97.00 | 84.00 | 181.00 | OK | |
| r-patched-linux-x86_64 | 0.3.0 | 92.58 | 44.20 | 136.78 | OK | |
| r-release-linux-x86_64 | 0.3.0 | 88.12 | 43.30 | 131.42 | OK | |
| r-release-macos-arm64 | 0.3.0 | 29.00 | 29.00 | 58.00 | OK | |
| r-release-macos-x86_64 | 0.3.0 | 29.00 | 51.00 | 80.00 | OK | |
| r-release-windows-x86_64 | 0.3.0 | 101.00 | 85.00 | 186.00 | OK | |
| r-oldrel-macos-arm64 | 0.3.0 | 31.00 | 26.00 | 57.00 | NOTE | |
| r-oldrel-macos-x86_64 | 0.3.0 | 25.00 | 40.00 | 65.00 | NOTE | |
| r-oldrel-windows-x86_64 | 0.3.0 | 105.00 | 103.00 | 208.00 | OK |
Version: 0.3.0
Check: installed package size
Result: NOTE
installed size is 6.8Mb
sub-directories of 1Mb or more:
libs 6.5Mb
Flavors: r-oldrel-macos-arm64, r-oldrel-macos-x86_64