Last updated on 2025-05-17 07:50:35 CEST.
Flavor | Version | Tinstall | Tcheck | Ttotal | Status | Flags |
---|---|---|---|---|---|---|
r-devel-linux-x86_64-debian-clang | 0.3.0 | 94.46 | 39.37 | 133.83 | OK | |
r-devel-linux-x86_64-debian-gcc | 0.3.0 | 64.14 | 30.04 | 94.18 | OK | |
r-devel-linux-x86_64-fedora-clang | 0.3.0 | 254.29 | OK | |||
r-devel-linux-x86_64-fedora-gcc | 0.3.0 | 306.39 | OK | |||
r-devel-windows-x86_64 | 0.3.0 | 95.00 | 91.00 | 186.00 | OK | |
r-patched-linux-x86_64 | 0.3.0 | 91.91 | 38.42 | 130.33 | OK | |
r-release-linux-x86_64 | 0.3.0 | 92.02 | 37.63 | 129.65 | OK | |
r-release-macos-arm64 | 0.3.0 | 58.00 | OK | |||
r-release-macos-x86_64 | 0.3.0 | 80.00 | OK | |||
r-release-windows-x86_64 | 0.3.0 | 100.00 | 89.00 | 189.00 | OK | |
r-oldrel-macos-arm64 | 0.3.0 | 57.00 | NOTE | |||
r-oldrel-macos-x86_64 | 0.3.0 | 65.00 | NOTE | |||
r-oldrel-windows-x86_64 | 0.3.0 | 89.00 | 105.00 | 194.00 | OK |
Version: 0.3.0
Check: installed package size
Result: NOTE
installed size is 6.8Mb
sub-directories of 1Mb or more:
libs 6.5Mb
Flavors: r-oldrel-macos-arm64, r-oldrel-macos-x86_64