Last updated on 2025-11-16 18:49:47 CET.
| Flavor | Version | Tinstall | Tcheck | Ttotal | Status | Flags |
|---|---|---|---|---|---|---|
| r-devel-linux-x86_64-debian-clang | 1.1.2 | 10.21 | 178.02 | 188.23 | OK | |
| r-devel-linux-x86_64-debian-gcc | 1.1.2 | 7.81 | 121.65 | 129.46 | NOTE | |
| r-devel-linux-x86_64-fedora-clang | 1.1.2 | 20.00 | 270.28 | 290.28 | OK | |
| r-devel-linux-x86_64-fedora-gcc | 1.1.2 | 18.00 | 282.33 | 300.33 | OK | |
| r-devel-windows-x86_64 | 1.1.2 | 16.00 | 190.00 | 206.00 | OK | |
| r-patched-linux-x86_64 | 1.1.2 | 9.73 | 164.16 | 173.89 | OK | |
| r-release-linux-x86_64 | 1.1.2 | 10.10 | 165.75 | 175.85 | OK | |
| r-release-macos-arm64 | 1.1.2 | 4.00 | 97.00 | 101.00 | OK | |
| r-release-macos-x86_64 | 1.1.2 | 7.00 | 183.00 | 190.00 | OK | |
| r-release-windows-x86_64 | 1.1.2 | 13.00 | 190.00 | 203.00 | OK | |
| r-oldrel-macos-arm64 | 1.1.2 | 4.00 | 104.00 | 108.00 | OK | |
| r-oldrel-macos-x86_64 | 1.1.2 | 10.00 | 137.00 | 147.00 | OK | |
| r-oldrel-windows-x86_64 | 1.1.2 | 15.00 | 231.00 | 246.00 | OK |
Version: 1.1.2
Check: CRAN incoming feasibility
Result: NOTE
Maintainer: ‘Ketsia Guichard <ketsia.guichard@univ-rennes.fr>’
The BugReports field in DESCRIPTION has
https://github.com/KetsiaGuichard/telraamStats/issues/
which should likely be
https://github.com/KetsiaGuichard/telraamStats/issues/issues
instead.
Flavor: r-devel-linux-x86_64-debian-gcc