Last updated on 2024-06-27 16:49:17 CEST.
Flavor | Version | Tinstall | Tcheck | Ttotal | Status | Flags |
---|---|---|---|---|---|---|
r-devel-linux-x86_64-debian-clang | 1.1.2 | OK | ||||
r-devel-linux-x86_64-debian-gcc | 1.1.2 | 6.44 | 144.34 | 150.78 | OK | |
r-devel-linux-x86_64-fedora-clang | 1.1.2 | 271.56 | NOTE | |||
r-devel-linux-x86_64-fedora-gcc | 1.1.2 | 270.92 | NOTE | |||
r-devel-windows-x86_64 | 1.1.2 | 8.00 | 179.00 | 187.00 | OK | |
r-patched-linux-x86_64 | 1.1.2 | 8.70 | 193.17 | 201.87 | OK | |
r-release-linux-x86_64 | 1.1.2 | 6.05 | 188.87 | 194.92 | OK | |
r-release-macos-arm64 | 1.1.2 | 108.00 | OK | |||
r-release-macos-x86_64 | 1.1.2 | 147.00 | OK | |||
r-release-windows-x86_64 | 1.1.2 | 9.00 | 182.00 | 191.00 | OK | |
r-oldrel-macos-arm64 | 1.1.2 | 130.00 | OK | |||
r-oldrel-macos-x86_64 | 1.1.2 | 258.00 | OK | |||
r-oldrel-windows-x86_64 | 1.1.2 | 12.00 | 202.00 | 214.00 | OK |
Version: 1.1.2
Check: data for non-ASCII characters
Result: NOTE
Note: found 3271 marked UTF-8 strings
Flavors: r-devel-linux-x86_64-fedora-clang, r-devel-linux-x86_64-fedora-gcc