Last updated on 2024-08-10 16:49:09 CEST.
Flavor | Version | Tinstall | Tcheck | Ttotal | Status | Flags |
---|---|---|---|---|---|---|
r-devel-linux-x86_64-debian-clang | 0.6.4 | 42.15 | 100.58 | 142.73 | NOTE | |
r-devel-linux-x86_64-debian-gcc | 0.6.4 | 32.19 | 73.30 | 105.49 | NOTE | |
r-devel-linux-x86_64-fedora-clang | 0.6.4 | 231.87 | OK | |||
r-devel-linux-x86_64-fedora-gcc | 0.6.4 | 251.50 | OK | |||
r-devel-windows-x86_64 | 0.6.4 | 46.00 | 130.00 | 176.00 | OK | |
r-patched-linux-x86_64 | 0.6.4 | 44.46 | 96.71 | 141.17 | NOTE | |
r-release-linux-x86_64 | 0.6.4 | 43.51 | 97.48 | 140.99 | NOTE | |
r-release-macos-arm64 | 0.6.4 | 67.00 | NOTE | |||
r-release-macos-x86_64 | 0.6.4 | 99.00 | NOTE | |||
r-release-windows-x86_64 | 0.6.4 | 48.00 | 127.00 | 175.00 | OK | |
r-oldrel-macos-arm64 | 0.6.4 | 75.00 | NOTE | |||
r-oldrel-macos-x86_64 | 0.6.4 | 134.00 | NOTE | |||
r-oldrel-windows-x86_64 | 0.6.4 | 58.00 | 156.00 | 214.00 | NOTE |
Version: 0.6.4
Check: package dependencies
Result: NOTE
Package suggested but not available for checking: ‘INLA’
Flavors: r-devel-linux-x86_64-debian-clang, r-devel-linux-x86_64-debian-gcc, r-patched-linux-x86_64, r-release-linux-x86_64, r-release-macos-arm64, r-release-macos-x86_64, r-oldrel-macos-arm64, r-oldrel-macos-x86_64, r-oldrel-windows-x86_64
Version: 0.6.4
Check: installed package size
Result: NOTE
installed size is 13.3Mb
sub-directories of 1Mb or more:
libs 12.8Mb
Flavors: r-release-macos-arm64, r-release-macos-x86_64, r-oldrel-macos-arm64, r-oldrel-macos-x86_64