Last updated on 2024-06-27 10:49:44 CEST.
Flavor | Version | Tinstall | Tcheck | Ttotal | Status | Flags |
---|---|---|---|---|---|---|
r-devel-linux-x86_64-debian-clang | 0.6.4 | NOTE | ||||
r-devel-linux-x86_64-debian-gcc | 0.6.4 | 49.39 | 97.50 | 146.89 | NOTE | |
r-devel-linux-x86_64-fedora-clang | 0.6.4 | 248.97 | OK | |||
r-devel-linux-x86_64-fedora-gcc | 0.6.4 | 253.82 | OK | |||
r-devel-windows-x86_64 | 0.6.4 | 47.00 | 126.00 | 173.00 | OK | |
r-patched-linux-x86_64 | 0.6.4 | 63.88 | 126.24 | 190.12 | NOTE | |
r-release-linux-x86_64 | 0.6.4 | 44.05 | 120.86 | 164.91 | NOTE | |
r-release-macos-arm64 | 0.6.4 | 67.00 | NOTE | |||
r-release-macos-x86_64 | 0.6.4 | 99.00 | NOTE | |||
r-release-windows-x86_64 | 0.6.4 | 52.00 | 129.00 | 181.00 | OK | |
r-oldrel-macos-arm64 | 0.6.4 | 75.00 | NOTE | |||
r-oldrel-macos-x86_64 | 0.6.4 | 134.00 | NOTE | |||
r-oldrel-windows-x86_64 | 0.6.4 | 62.00 | 156.00 | 218.00 | NOTE |
Version: 0.6.4
Check: package dependencies
Result: NOTE
Package suggested but not available for checking: ‘INLA’
Flavors: r-devel-linux-x86_64-debian-clang, r-devel-linux-x86_64-debian-gcc, r-patched-linux-x86_64, r-release-linux-x86_64, r-release-macos-arm64, r-release-macos-x86_64, r-oldrel-macos-arm64, r-oldrel-macos-x86_64, r-oldrel-windows-x86_64
Version: 0.6.4
Check: installed package size
Result: NOTE
installed size is 13.3Mb
sub-directories of 1Mb or more:
libs 12.8Mb
Flavors: r-release-macos-arm64, r-release-macos-x86_64, r-oldrel-macos-arm64, r-oldrel-macos-x86_64