Last updated on 2025-11-16 00:48:48 CET.
| Flavor | Version | Tinstall | Tcheck | Ttotal | Status | Flags |
|---|---|---|---|---|---|---|
| r-devel-linux-x86_64-debian-clang | 0.2.0 | 30.96 | 76.52 | 107.48 | NOTE | |
| r-devel-linux-x86_64-debian-gcc | 0.2.0 | 22.51 | 54.61 | 77.12 | NOTE | |
| r-devel-linux-x86_64-fedora-clang | 0.2.0 | 76.00 | 109.74 | 185.74 | NOTE | |
| r-devel-linux-x86_64-fedora-gcc | 0.2.0 | 60.00 | 110.90 | 170.90 | NOTE | |
| r-devel-windows-x86_64 | 0.2.0 | 44.00 | 99.00 | 143.00 | OK | |
| r-patched-linux-x86_64 | 0.2.0 | 30.21 | 71.78 | 101.99 | OK | |
| r-release-linux-x86_64 | 0.2.0 | 31.55 | 71.63 | 103.18 | OK | |
| r-release-macos-arm64 | 0.2.0 | 13.00 | 31.00 | 44.00 | OK | |
| r-release-macos-x86_64 | 0.2.0 | 16.00 | 53.00 | 69.00 | OK | |
| r-release-windows-x86_64 | 0.2.0 | 36.00 | 96.00 | 132.00 | OK | |
| r-oldrel-macos-arm64 | 0.2.0 | 17.00 | 28.00 | 45.00 | OK | |
| r-oldrel-macos-x86_64 | 0.2.0 | 15.00 | 43.00 | 58.00 | OK | |
| r-oldrel-windows-x86_64 | 0.2.0 | 50.00 | 121.00 | 171.00 | OK |
Version: 0.2.0
Check: CRAN incoming feasibility
Result: NOTE
Maintainer: ‘En-shuo Hsu <daviden1013@gmail.com>’
No Authors@R field in DESCRIPTION.
Please add one, modifying
Authors@R: c(person(given = c("Jeffrey", "C."),
family = "Miecznikowski",
role = "aut"),
person(given = "En-shuo",
family = "Hsu",
role = c("aut", "cre"),
email = "daviden1013@gmail.com"),
person(given = "Yanhua",
family = "Chen",
role = "aut"),
person(given = "Albert",
family = "Vexler",
role = "aut"))
as necessary.
Flavors: r-devel-linux-x86_64-debian-clang, r-devel-linux-x86_64-debian-gcc
Version: 0.2.0
Check: compiled code
Result: NOTE
File ‘testforDEP/libs/testforDEP.so’:
Found no calls to: ‘R_registerRoutines’, ‘R_useDynamicSymbols’
It is good practice to register native routines and to disable symbol
search.
See ‘Writing portable packages’ in the ‘Writing R Extensions’ manual.
Flavors: r-devel-linux-x86_64-fedora-clang, r-devel-linux-x86_64-fedora-gcc