Last updated on 2025-05-18 20:49:57 CEST.
Flavor | Version | Tinstall | Tcheck | Ttotal | Status | Flags |
---|---|---|---|---|---|---|
r-devel-linux-x86_64-debian-clang | 1.3.0 | 12.66 | 104.68 | 117.34 | NOTE | |
r-devel-linux-x86_64-debian-gcc | 1.3.0 | 9.57 | 73.32 | 82.89 | NOTE | |
r-devel-linux-x86_64-fedora-clang | 1.3.0 | 183.81 | OK | |||
r-devel-linux-x86_64-fedora-gcc | 1.3.0 | 171.86 | OK | |||
r-devel-windows-x86_64 | 1.3.0 | 18.00 | 102.00 | 120.00 | OK | |
r-patched-linux-x86_64 | 1.3.0 | 11.89 | 95.43 | 107.32 | OK | |
r-release-linux-x86_64 | 1.3.0 | 11.42 | 96.74 | 108.16 | OK | |
r-release-macos-arm64 | 1.3.0 | 52.00 | OK | |||
r-release-macos-x86_64 | 1.3.0 | 84.00 | OK | |||
r-release-windows-x86_64 | 1.3.0 | 16.00 | 107.00 | 123.00 | OK | |
r-oldrel-macos-arm64 | 1.3.0 | 44.00 | OK | |||
r-oldrel-macos-x86_64 | 1.3.0 | 67.00 | OK | |||
r-oldrel-windows-x86_64 | 1.3.0 | 19.00 | 131.00 | 150.00 | OK |
Version: 1.3.0
Check: CRAN incoming feasibility
Result: NOTE
Maintainer: ‘Giancarlo Vercellino <giancarlo.vercellino@gmail.com>’
No Authors@R field in DESCRIPTION.
Please add one, modifying
Authors@R: person(given = "Giancarlo",
family = "Vercellino",
role = c("aut", "cre"),
email = "giancarlo.vercellino@gmail.com")
as necessary.
Flavors: r-devel-linux-x86_64-debian-clang, r-devel-linux-x86_64-debian-gcc