Last updated on 2025-11-16 00:48:48 CET.
| Flavor | Version | Tinstall | Tcheck | Ttotal | Status | Flags |
|---|---|---|---|---|---|---|
| r-devel-linux-x86_64-debian-clang | 2.1.0 | 5.66 | 89.06 | 94.72 | NOTE | |
| r-devel-linux-x86_64-debian-gcc | 2.1.0 | 3.64 | 69.44 | 73.08 | NOTE | |
| r-devel-linux-x86_64-fedora-clang | 2.1.0 | 13.00 | 94.45 | 107.45 | NOTE | |
| r-devel-linux-x86_64-fedora-gcc | 2.1.0 | 10.00 | 106.23 | 116.23 | NOTE | |
| r-devel-windows-x86_64 | 2.1.0 | 10.00 | 96.00 | 106.00 | NOTE | |
| r-patched-linux-x86_64 | 2.1.0 | 5.90 | 86.25 | 92.15 | NOTE | |
| r-release-linux-x86_64 | 2.1.0 | 4.99 | 85.96 | 90.95 | NOTE | |
| r-release-macos-arm64 | 2.1.0 | 4.00 | 157.00 | 161.00 | NOTE | |
| r-release-macos-x86_64 | 2.1.0 | 5.00 | 107.00 | 112.00 | NOTE | |
| r-release-windows-x86_64 | 2.1.0 | 9.00 | 94.00 | 103.00 | NOTE | |
| r-oldrel-macos-arm64 | 2.1.0 | 2.00 | 59.00 | 61.00 | OK | |
| r-oldrel-macos-x86_64 | 2.1.0 | 4.00 | 88.00 | 92.00 | OK | |
| r-oldrel-windows-x86_64 | 2.1.0 | 9.00 | 108.00 | 117.00 | OK |
Version: 2.1.0
Check: DESCRIPTION meta-information
Result: NOTE
Missing dependency on R >= 4.1.0 because package code uses the pipe
|> or function shorthand \(...) syntax added in R 4.1.0.
File(s) using such syntax:
‘tex_preview.Rd’
Flavors: r-devel-linux-x86_64-debian-clang, r-devel-linux-x86_64-debian-gcc, r-devel-linux-x86_64-fedora-clang, r-devel-linux-x86_64-fedora-gcc, r-devel-windows-x86_64, r-patched-linux-x86_64, r-release-linux-x86_64, r-release-macos-arm64, r-release-macos-x86_64, r-release-windows-x86_64