Last updated on 2025-04-29 13:51:43 CEST.
Flavor | Version | Tinstall | Tcheck | Ttotal | Status | Flags |
---|---|---|---|---|---|---|
r-devel-linux-x86_64-debian-clang | 1.3 | 1.84 | 19.43 | 21.27 | NOTE | |
r-devel-linux-x86_64-debian-gcc | 1.3 | 1.44 | 16.18 | 17.62 | NOTE | |
r-devel-linux-x86_64-fedora-clang | 1.3 | 34.41 | OK | |||
r-devel-linux-x86_64-fedora-gcc | 1.3 | 32.12 | OK | |||
r-devel-windows-x86_64 | 1.3 | 3.00 | 43.00 | 46.00 | OK | |
r-patched-linux-x86_64 | 1.3 | 2.06 | 18.65 | 20.71 | OK | |
r-release-linux-x86_64 | 1.3 | 1.66 | 18.66 | 20.32 | OK | |
r-release-macos-arm64 | 1.3 | 17.00 | OK | |||
r-release-macos-x86_64 | 1.3 | 28.00 | OK | |||
r-release-windows-x86_64 | 1.3 | 3.00 | 45.00 | 48.00 | OK | |
r-oldrel-macos-arm64 | 1.3 | 15.00 | OK | |||
r-oldrel-macos-x86_64 | 1.3 | 29.00 | OK | |||
r-oldrel-windows-x86_64 | 1.3 | 3.00 | 42.00 | 45.00 | OK |
Version: 1.3
Check: CRAN incoming feasibility
Result: NOTE
Maintainer: ‘James Curran <j.curran@auckland.ac.nz>’
No Authors@R field in DESCRIPTION.
Please add one, modifying
Authors@R: c(person(given = "James",
family = "Curran",
role = c("aut", "cre"),
email = "j.curran@auckland.ac.nz"),
person(given = "TingYu",
family = "Huang",
role = "aut"))
as necessary.
Flavors: r-devel-linux-x86_64-debian-clang, r-devel-linux-x86_64-debian-gcc