CRAN Package Check Results for Package tfevents

Last updated on 2025-04-29 13:51:43 CEST.

Flavor Version Tinstall Tcheck Ttotal Status Flags
r-devel-linux-x86_64-debian-clang 0.0.4 86.16 51.89 138.05 OK
r-devel-linux-x86_64-debian-gcc 0.0.4 63.27 38.88 102.15 OK
r-devel-linux-x86_64-fedora-clang 0.0.4 286.52 OK
r-devel-linux-x86_64-fedora-gcc 0.0.4 250.97 OK
r-devel-windows-x86_64 0.0.4 129.00 124.00 253.00 OK
r-patched-linux-x86_64 0.0.4 92.06 47.32 139.38 OK
r-release-linux-x86_64 0.0.4 89.83 47.63 137.46 OK
r-release-macos-arm64 0.0.4 79.00 OK
r-release-macos-x86_64 0.0.4 86.00 OK
r-release-windows-x86_64 0.0.4 125.00 129.00 254.00 OK
r-oldrel-macos-arm64 0.0.4 70.00 NOTE
r-oldrel-macos-x86_64 0.0.4 101.00 NOTE
r-oldrel-windows-x86_64 0.0.4 132.00 138.00 270.00 OK

Check Details

Version: 0.0.4
Check: installed package size
Result: NOTE installed size is 27.4Mb sub-directories of 1Mb or more: libs 27.1Mb Flavors: r-oldrel-macos-arm64, r-oldrel-macos-x86_64