Last updated on 2025-04-29 13:51:43 CEST.
Flavor | Version | Tinstall | Tcheck | Ttotal | Status | Flags |
---|---|---|---|---|---|---|
r-devel-linux-x86_64-debian-clang | 0.4-2 | 3.52 | 17.29 | 20.81 | NOTE | |
r-devel-linux-x86_64-debian-gcc | 0.4-2 | 2.70 | 14.16 | 16.86 | NOTE | |
r-devel-linux-x86_64-fedora-clang | 0.4-2 | 36.15 | OK | |||
r-devel-linux-x86_64-fedora-gcc | 0.4-2 | 32.40 | OK | |||
r-devel-windows-x86_64 | 0.4-2 | 6.00 | 39.00 | 45.00 | OK | |
r-patched-linux-x86_64 | 0.4-2 | 3.70 | 16.90 | 20.60 | OK | |
r-release-linux-x86_64 | 0.4-2 | 3.61 | 16.89 | 20.50 | OK | |
r-release-macos-arm64 | 0.4-2 | 16.00 | OK | |||
r-release-macos-x86_64 | 0.4-2 | 27.00 | OK | |||
r-release-windows-x86_64 | 0.4-2 | 8.00 | 41.00 | 49.00 | OK | |
r-oldrel-macos-arm64 | 0.4-2 | 16.00 | OK | |||
r-oldrel-macos-x86_64 | 0.4-2 | 22.00 | OK | |||
r-oldrel-windows-x86_64 | 0.4-2 | 6.00 | 38.00 | 44.00 | OK |
Version: 0.4-2
Check: CRAN incoming feasibility
Result: NOTE
Maintainer: ‘Thomas Hoffmann <tjhoffm@gmail.com>’
No Authors@R field in DESCRIPTION.
Please add one, modifying
Authors@R: person(given = "Thomas",
family = "Hoffmann",
role = c("aut", "cre"),
email = "tjhoffm@gmail.com")
as necessary.
Flavors: r-devel-linux-x86_64-debian-clang, r-devel-linux-x86_64-debian-gcc