Last updated on 2025-11-16 00:48:48 CET.
| Flavor | Version | Tinstall | Tcheck | Ttotal | Status | Flags |
|---|---|---|---|---|---|---|
| r-devel-linux-x86_64-debian-clang | 1.1.5 | 21.65 | 78.59 | 100.24 | OK | |
| r-devel-linux-x86_64-debian-gcc | 1.1.5 | 14.65 | 57.89 | 72.54 | NOTE | |
| r-devel-linux-x86_64-fedora-clang | 1.1.5 | 37.00 | 116.52 | 153.52 | OK | |
| r-devel-linux-x86_64-fedora-gcc | 1.1.5 | 48.00 | 117.02 | 165.02 | OK | |
| r-devel-windows-x86_64 | 1.1.5 | 34.00 | 112.00 | 146.00 | OK | |
| r-patched-linux-x86_64 | 1.1.5 | 20.98 | 72.35 | 93.33 | OK | |
| r-release-linux-x86_64 | 1.1.5 | 20.23 | 73.32 | 93.55 | OK | |
| r-release-macos-arm64 | 1.1.5 | 9.00 | 45.00 | 54.00 | OK | |
| r-release-macos-x86_64 | 1.1.5 | 18.00 | 81.00 | 99.00 | OK | |
| r-release-windows-x86_64 | 1.1.5 | 27.00 | 110.00 | 137.00 | OK | |
| r-oldrel-macos-arm64 | 1.1.5 | 10.00 | 50.00 | 60.00 | OK | |
| r-oldrel-macos-x86_64 | 1.1.5 | 16.00 | 81.00 | 97.00 | OK | |
| r-oldrel-windows-x86_64 | 1.1.5 | 32.00 | 135.00 | 167.00 | OK |
Version: 1.1.5
Check: CRAN incoming feasibility
Result: NOTE
Maintainer: ‘Bartosz Czernecki <nwp@amu.edu.pl>’
The BugReports field in DESCRIPTION has
https://github.com/bczernecki/thunder/issues/
which should likely be
https://github.com/bczernecki/thunder/issues/issues
instead.
Flavor: r-devel-linux-x86_64-debian-gcc