Last updated on 2025-10-24 18:50:10 CEST.
| Flavor | Version | Tinstall | Tcheck | Ttotal | Status | Flags |
|---|---|---|---|---|---|---|
| r-devel-linux-x86_64-debian-clang | 0.2.2 | 2.53 | 34.44 | 36.97 | OK | |
| r-devel-linux-x86_64-debian-gcc | 0.2.2 | 2.03 | 25.54 | 27.57 | OK | |
| r-devel-linux-x86_64-fedora-clang | 0.2.2 | 10.00 | 46.75 | 56.75 | OK | |
| r-devel-linux-x86_64-fedora-gcc | 0.2.2 | 50.63 | OK | |||
| r-devel-windows-x86_64 | 0.2.2 | 3.00 | 49.00 | 52.00 | OK | |
| r-patched-linux-x86_64 | 0.2.2 | 2.84 | 32.32 | 35.16 | OK | |
| r-release-linux-x86_64 | 0.2.2 | 2.35 | 31.86 | 34.21 | OK | |
| r-release-macos-arm64 | 0.2.2 | 1.00 | 19.00 | 20.00 | OK | |
| r-release-macos-x86_64 | 0.2.2 | 2.00 | 32.00 | 34.00 | OK | |
| r-release-windows-x86_64 | 0.2.2 | 3.00 | 53.00 | 56.00 | OK | |
| r-oldrel-macos-arm64 | 0.2.2 | 1.00 | 17.00 | 18.00 | NOTE | |
| r-oldrel-macos-x86_64 | 0.2.2 | 2.00 | 25.00 | 27.00 | NOTE | |
| r-oldrel-windows-x86_64 | 0.2.2 | 4.00 | 60.00 | 64.00 | NOTE |
Version: 0.2.2
Check: LazyData
Result: NOTE
'LazyData' is specified without a 'data' directory
Flavors: r-oldrel-macos-arm64, r-oldrel-macos-x86_64, r-oldrel-windows-x86_64