CRAN Package Check Results for Package tidycat

Last updated on 2025-11-16 00:48:48 CET.

Flavor Version Tinstall Tcheck Ttotal Status Flags
r-devel-linux-x86_64-debian-clang 0.1.2 1.81 42.90 44.71 OK
r-devel-linux-x86_64-debian-gcc 0.1.2 1.21 33.41 34.62 NOTE
r-devel-linux-x86_64-fedora-clang 0.1.2 67.50 NOTE
r-devel-linux-x86_64-fedora-gcc 0.1.2 78.71 NOTE
r-devel-windows-x86_64 0.1.2 4.00 56.00 60.00 OK
r-patched-linux-x86_64 0.1.2 1.80 41.56 43.36 OK
r-release-linux-x86_64 0.1.2 1.79 42.47 44.26 OK
r-release-macos-arm64 0.1.2 1.00 27.00 28.00 OK
r-release-macos-x86_64 0.1.2 2.00 48.00 50.00 OK
r-release-windows-x86_64 0.1.2 4.00 55.00 59.00 OK
r-oldrel-macos-arm64 0.1.2 1.00 26.00 27.00 OK
r-oldrel-macos-x86_64 0.1.2 1.00 40.00 41.00 OK
r-oldrel-windows-x86_64 0.1.2 5.00 65.00 70.00 OK

Check Details

Version: 0.1.2
Check: CRAN incoming feasibility
Result: NOTE Maintainer: ‘Guy J. Abel <g.j.abel@gmail.com>’ The BugReports field in DESCRIPTION has https://github.com/guyabel/tidycat/issues/ which should likely be https://github.com/guyabel/tidycat/issues/issues instead. Flavor: r-devel-linux-x86_64-debian-gcc

Version: 0.1.2
Check: dependencies in R code
Result: NOTE Namespace in Imports field not imported from: ‘tidyr’ All declared Imports should be used. Flavors: r-devel-linux-x86_64-fedora-clang, r-devel-linux-x86_64-fedora-gcc